Last updated on 2020-10-11 01:47:30 CEST.
Flavor | Version | Tinstall | Tcheck | Ttotal | Status | Flags |
---|---|---|---|---|---|---|
r-devel-linux-x86_64-debian-clang | 0.1.0 | 3.39 | 32.15 | 35.54 | OK | |
r-devel-linux-x86_64-debian-gcc | 0.1.0 | 3.03 | 25.33 | 28.36 | OK | |
r-devel-linux-x86_64-fedora-clang | 0.1.0 | 52.62 | NOTE | |||
r-devel-linux-x86_64-fedora-gcc | 0.1.0 | 45.78 | NOTE | |||
r-devel-windows-ix86+x86_64 | 0.1.0 | 10.00 | 42.00 | 52.00 | OK | |
r-patched-linux-x86_64 | 0.1.0 | 3.37 | 30.69 | 34.06 | OK | |
r-patched-solaris-x86 | 0.1.0 | 61.80 | NOTE | |||
r-release-linux-x86_64 | 0.1.0 | 3.74 | 30.97 | 34.71 | OK | |
r-release-macos-x86_64 | 0.1.0 | NOTE | ||||
r-release-windows-ix86+x86_64 | 0.1.0 | 7.00 | 43.00 | 50.00 | OK | |
r-oldrel-macos-x86_64 | 0.1.0 | NOTE | ||||
r-oldrel-windows-ix86+x86_64 | 0.1.0 | 8.00 | 37.00 | 45.00 | OK |
Version: 0.1.0
Check: dependencies in R code
Result: NOTE
Namespace in Imports field not imported from: ‘tidyr’
All declared Imports should be used.
Flavors: r-devel-linux-x86_64-fedora-clang, r-devel-linux-x86_64-fedora-gcc, r-patched-solaris-x86, r-release-macos-x86_64, r-oldrel-macos-x86_64