Last updated on 2020-10-11 01:47:30 CEST.
Flavor | Version | Tinstall | Tcheck | Ttotal | Status | Flags |
---|---|---|---|---|---|---|
r-devel-linux-x86_64-debian-clang | 2.8.1 | 3.80 | 30.39 | 34.19 | OK | |
r-devel-linux-x86_64-debian-gcc | 2.8.1 | 2.52 | 23.71 | 26.23 | OK | |
r-devel-linux-x86_64-fedora-clang | 2.8.1 | 49.36 | NOTE | |||
r-devel-linux-x86_64-fedora-gcc | 2.8.1 | 40.52 | OK | |||
r-devel-windows-ix86+x86_64 | 2.8.1 | 7.00 | 39.00 | 46.00 | OK | |
r-patched-linux-x86_64 | 2.8.1 | 3.34 | 28.94 | 32.28 | OK | |
r-patched-solaris-x86 | 2.8.1 | 59.90 | OK | |||
r-release-linux-x86_64 | 2.8.1 | 3.09 | 29.27 | 32.36 | OK | |
r-release-macos-x86_64 | 2.8.1 | OK | ||||
r-release-windows-ix86+x86_64 | 2.8.1 | 5.00 | 47.00 | 52.00 | OK | |
r-oldrel-macos-x86_64 | 2.8.1 | OK | ||||
r-oldrel-windows-ix86+x86_64 | 2.8.1 | 6.00 | 35.00 | 41.00 | OK |
Version: 2.8.1
Check: Rd cross-references
Result: NOTE
Undeclared package ‘MALDIquantForeign’ in Rd xrefs
Flavor: r-devel-linux-x86_64-fedora-clang