Last updated on 2020-10-11 01:47:30 CEST.
Flavor | Version | Tinstall | Tcheck | Ttotal | Status | Flags |
---|---|---|---|---|---|---|
r-devel-linux-x86_64-debian-clang | 2.2-3 | 15.76 | 104.81 | 120.57 | OK | |
r-devel-linux-x86_64-debian-gcc | 2.2-3 | 12.52 | 79.87 | 92.39 | OK | |
r-devel-linux-x86_64-fedora-clang | 2.2-3 | 152.66 | NOTE | |||
r-devel-linux-x86_64-fedora-gcc | 2.2-3 | 146.19 | OK | |||
r-devel-windows-ix86+x86_64 | 2.2-3 | 31.00 | 103.00 | 134.00 | OK | |
r-patched-linux-x86_64 | 2.2-3 | 15.56 | 98.51 | 114.07 | OK | |
r-patched-solaris-x86 | 2.2-3 | 191.40 | OK | |||
r-release-linux-x86_64 | 2.2-3 | 15.68 | 103.13 | 118.81 | OK | |
r-release-macos-x86_64 | 2.2-3 | OK | ||||
r-release-windows-ix86+x86_64 | 2.2-3 | 22.00 | 130.00 | 152.00 | OK | |
r-oldrel-macos-x86_64 | 2.2-3 | OK | ||||
r-oldrel-windows-ix86+x86_64 | 2.2-3 | 26.00 | 90.00 | 116.00 | OK |
Version: 2.2-3
Check: Rd cross-references
Result: NOTE
Undeclared package ‘care’ in Rd xrefs
Flavor: r-devel-linux-x86_64-fedora-clang