Last updated on 2020-10-11 01:47:30 CEST.
Flavor | Version | Tinstall | Tcheck | Ttotal | Status | Flags |
---|---|---|---|---|---|---|
r-devel-linux-x86_64-debian-clang | 1.16 | 57.31 | 95.55 | 152.86 | OK | |
r-devel-linux-x86_64-debian-gcc | 1.16 | 42.52 | 74.10 | 116.62 | OK | |
r-devel-linux-x86_64-fedora-clang | 1.16 | 193.81 | NOTE | |||
r-devel-linux-x86_64-fedora-gcc | 1.16 | 190.77 | OK | |||
r-devel-windows-ix86+x86_64 | 1.16 | 122.00 | 158.00 | 280.00 | OK | |
r-patched-linux-x86_64 | 1.16 | 49.47 | 89.58 | 139.05 | OK | |
r-patched-solaris-x86 | 1.16 | 207.00 | OK | |||
r-release-linux-x86_64 | 1.16 | 49.91 | 91.21 | 141.12 | OK | |
r-release-macos-x86_64 | 1.16 | OK | ||||
r-release-windows-ix86+x86_64 | 1.16 | 106.00 | 165.00 | 271.00 | OK | |
r-oldrel-macos-x86_64 | 1.16 | OK | ||||
r-oldrel-windows-ix86+x86_64 | 1.16 | 110.00 | 118.00 | 228.00 | OK |
Version: 1.16
Check: installed package size
Result: NOTE
installed size is 5.1Mb
sub-directories of 1Mb or more:
doc 1.1Mb
libs 3.4Mb
Flavor: r-devel-linux-x86_64-fedora-clang