Last updated on 2020-10-11 01:47:31 CEST.
Flavor | Version | Tinstall | Tcheck | Ttotal | Status | Flags |
---|---|---|---|---|---|---|
r-devel-linux-x86_64-debian-clang | 1.1 | 6.75 | 47.35 | 54.10 | OK | |
r-devel-linux-x86_64-debian-gcc | 1.1 | 5.26 | 38.22 | 43.48 | OK | |
r-devel-linux-x86_64-fedora-clang | 1.1 | 73.66 | NOTE | |||
r-devel-linux-x86_64-fedora-gcc | 1.1 | 65.38 | OK | |||
r-devel-windows-ix86+x86_64 | 1.1 | 13.00 | 63.00 | 76.00 | NOTE | |
r-patched-linux-x86_64 | 1.1 | 7.43 | 45.59 | 53.02 | OK | |
r-patched-solaris-x86 | 1.1 | 84.90 | NOTE | |||
r-release-linux-x86_64 | 1.1 | 7.15 | 46.49 | 53.64 | OK | |
r-release-macos-x86_64 | 1.1 | NOTE | ||||
r-release-windows-ix86+x86_64 | 1.1 | 14.00 | 48.00 | 62.00 | NOTE | |
r-oldrel-macos-x86_64 | 1.1 | NOTE | ||||
r-oldrel-windows-ix86+x86_64 | 1.1 | 12.00 | 45.00 | 57.00 | NOTE |
Version: 1.1
Check: installed package size
Result: NOTE
installed size is 12.2Mb
sub-directories of 1Mb or more:
java 12.0Mb
Flavors: r-devel-linux-x86_64-fedora-clang, r-devel-windows-ix86+x86_64, r-patched-solaris-x86, r-release-macos-x86_64, r-release-windows-ix86+x86_64, r-oldrel-macos-x86_64, r-oldrel-windows-ix86+x86_64