Last updated on 2020-10-11 01:47:31 CEST.
Flavor | Version | Tinstall | Tcheck | Ttotal | Status | Flags |
---|---|---|---|---|---|---|
r-devel-linux-x86_64-debian-clang | 0.6 | 5.16 | 55.35 | 60.51 | OK | |
r-devel-linux-x86_64-debian-gcc | 0.6 | 4.04 | 42.09 | 46.13 | OK | |
r-devel-linux-x86_64-fedora-clang | 0.6 | 82.96 | OK | |||
r-devel-linux-x86_64-fedora-gcc | 0.6 | 73.30 | OK | |||
r-devel-windows-ix86+x86_64 | 0.6 | 14.00 | 103.00 | 117.00 | OK | |
r-patched-linux-x86_64 | 0.6 | 4.67 | 52.06 | 56.73 | OK | |
r-patched-solaris-x86 | 0.6 | 99.00 | OK | |||
r-release-linux-x86_64 | 0.6 | 5.36 | 53.62 | 58.98 | OK | |
r-release-macos-x86_64 | 0.6 | OK | ||||
r-release-windows-ix86+x86_64 | 0.6 | 10.00 | 139.00 | 149.00 | OK | |
r-oldrel-macos-x86_64 | 0.6 | WARN | ||||
r-oldrel-windows-ix86+x86_64 | 0.6 | 11.00 | 84.00 | 95.00 | OK |
Version: 0.6
Check: re-building of vignette outputs
Result: WARN
Error(s) in re-building vignettes:
...
--- re-building ‘intro.Rmd’ using rmarkdown
Warning in engine$weave(file, quiet = quiet, encoding = enc) :
Pandoc (>= 1.12.3) and/or pandoc-citeproc not available. Falling back to R Markdown v1.
Quitting from lines 188-195 (intro.Rmd)
Error: processing vignette 'intro.Rmd' failed with diagnostics:
Column `is_oa` is unknown
--- failed re-building ‘intro.Rmd’
SUMMARY: processing the following file failed:
‘intro.Rmd’
Error: Vignette re-building failed.
Execution halted
Flavor: r-oldrel-macos-x86_64