Last updated on 2020-10-11 01:47:31 CEST.
Flavor | Version | Tinstall | Tcheck | Ttotal | Status | Flags |
---|---|---|---|---|---|---|
r-devel-linux-x86_64-debian-clang | 2.2.1 | 113.13 | 250.23 | 363.36 | OK | |
r-devel-linux-x86_64-debian-gcc | 2.2.1 | 90.35 | 190.72 | 281.07 | OK | |
r-devel-linux-x86_64-fedora-clang | 2.2.1 | 473.62 | NOTE | |||
r-devel-linux-x86_64-fedora-gcc | 2.2.1 | 497.21 | OK | |||
r-devel-windows-ix86+x86_64 | 2.2.1 | 256.00 | 210.00 | 466.00 | NOTE | --no-examples --no-tests --no-vignettes |
r-patched-linux-x86_64 | 2.2.1 | 107.97 | 233.59 | 341.56 | OK | |
r-patched-solaris-x86 | 2.2.1 | 505.70 | OK | |||
r-release-linux-x86_64 | 2.2.1 | 88.68 | 239.59 | 328.27 | OK | |
r-release-macos-x86_64 | 2.2.1 | NOTE | ||||
r-release-windows-ix86+x86_64 | 2.2.1 | 192.00 | 275.00 | 467.00 | NOTE | --no-examples --no-tests --no-vignettes |
r-oldrel-macos-x86_64 | 2.2.1 | NOTE | ||||
r-oldrel-windows-ix86+x86_64 | 2.2.1 | 228.00 | 222.00 | 450.00 | OK | --no-examples --no-tests --no-vignettes |
Version: 2.2.1
Check: installed package size
Result: NOTE
installed size is 18.6Mb
sub-directories of 1Mb or more:
data 1.4Mb
libs 16.2Mb
Flavors: r-devel-linux-x86_64-fedora-clang, r-release-macos-x86_64, r-oldrel-macos-x86_64
Version: 2.2.1
Check: Rd cross-references
Result: NOTE
Undeclared packages ‘mvoutlier’, ‘StatDA’ in Rd xrefs
Flavor: r-devel-linux-x86_64-fedora-clang
Version: 2.2.1
Flags: --no-examples --no-tests --no-vignettes
Check: installed package size
Result: NOTE
installed size is 5.0Mb
sub-directories of 1Mb or more:
data 1.4Mb
libs 2.6Mb
Flavors: r-devel-windows-ix86+x86_64, r-release-windows-ix86+x86_64