Last updated on 2020-10-11 01:47:31 CEST.
Flavor | Version | Tinstall | Tcheck | Ttotal | Status | Flags |
---|---|---|---|---|---|---|
r-devel-linux-x86_64-debian-clang | 0.93-6 | 25.78 | 303.46 | 329.24 | OK | |
r-devel-linux-x86_64-debian-gcc | 0.93-6 | 21.50 | 225.26 | 246.76 | OK | |
r-devel-linux-x86_64-fedora-clang | 0.93-6 | 393.73 | NOTE | |||
r-devel-linux-x86_64-fedora-gcc | 0.93-6 | 398.98 | OK | |||
r-devel-windows-ix86+x86_64 | 0.93-6 | 56.00 | 484.00 | 540.00 | OK | |
r-patched-linux-x86_64 | 0.93-6 | 23.73 | 291.66 | 315.39 | OK | |
r-patched-solaris-x86 | 0.93-6 | 495.60 | OK | |||
r-release-linux-x86_64 | 0.93-6 | 24.45 | 291.49 | 315.94 | OK | |
r-release-macos-x86_64 | 0.93-6 | OK | ||||
r-release-windows-ix86+x86_64 | 0.93-6 | 50.00 | 610.00 | 660.00 | OK | |
r-oldrel-macos-x86_64 | 0.93-6 | OK | ||||
r-oldrel-windows-ix86+x86_64 | 0.93-6 | 54.00 | 440.00 | 494.00 | OK |
Version: 0.93-6
Check: Rd cross-references
Result: NOTE
Undeclared packages ‘matrixStats’, ‘robustX’, ‘quantreg’, ‘rrcov’, ‘Hmisc’ in Rd xrefs
Flavor: r-devel-linux-x86_64-fedora-clang