Last updated on 2020-10-11 01:47:31 CEST.
Flavor | Version | Tinstall | Tcheck | Ttotal | Status | Flags |
---|---|---|---|---|---|---|
r-devel-linux-x86_64-debian-clang | 0.1.1 | 4.12 | 35.94 | 40.06 | OK | |
r-devel-linux-x86_64-debian-gcc | 0.1.1 | 3.16 | 28.26 | 31.42 | OK | |
r-devel-linux-x86_64-fedora-clang | 0.1.1 | 57.58 | NOTE | |||
r-devel-linux-x86_64-fedora-gcc | 0.1.1 | 50.82 | NOTE | |||
r-devel-windows-ix86+x86_64 | 0.1.1 | 10.00 | 59.00 | 69.00 | OK | |
r-patched-linux-x86_64 | 0.1.1 | 4.08 | 35.04 | 39.12 | OK | |
r-patched-solaris-x86 | 0.1.1 | 72.60 | NOTE | |||
r-release-linux-x86_64 | 0.1.1 | 3.93 | 35.85 | 39.78 | OK | |
r-release-macos-x86_64 | 0.1.1 | NOTE | ||||
r-release-windows-ix86+x86_64 | 0.1.1 | 7.00 | 54.00 | 61.00 | OK | |
r-oldrel-macos-x86_64 | 0.1.1 | NOTE | ||||
r-oldrel-windows-ix86+x86_64 | 0.1.1 | 7.00 | 42.00 | 49.00 | OK |
Version: 0.1.1
Check: dependencies in R code
Result: NOTE
Namespace in Imports field not imported from: ‘stringr’
All declared Imports should be used.
Flavors: r-devel-linux-x86_64-fedora-clang, r-devel-linux-x86_64-fedora-gcc, r-patched-solaris-x86, r-release-macos-x86_64, r-oldrel-macos-x86_64
Version: 0.1.1
Check: data for non-ASCII characters
Result: NOTE
Note: found 59 marked UTF-8 strings
Flavors: r-devel-linux-x86_64-fedora-clang, r-devel-linux-x86_64-fedora-gcc, r-patched-solaris-x86, r-release-macos-x86_64, r-oldrel-macos-x86_64