Last updated on 2020-10-11 01:47:31 CEST.
Flavor | Version | Tinstall | Tcheck | Ttotal | Status | Flags |
---|---|---|---|---|---|---|
r-devel-linux-x86_64-debian-clang | 0.4.0 | 79.54 | 56.21 | 135.75 | OK | |
r-devel-linux-x86_64-debian-gcc | 0.4.0 | 58.61 | 44.77 | 103.38 | OK | |
r-devel-linux-x86_64-fedora-clang | 0.4.0 | 188.73 | NOTE | |||
r-devel-linux-x86_64-fedora-gcc | 0.4.0 | 179.65 | OK | |||
r-devel-windows-ix86+x86_64 | 0.4.0 | 171.00 | 115.00 | 286.00 | NOTE | |
r-patched-linux-x86_64 | 0.4.0 | 75.82 | 53.68 | 129.50 | OK | |
r-patched-solaris-x86 | 0.4.0 | 170.90 | OK | |||
r-release-linux-x86_64 | 0.4.0 | 70.55 | 54.10 | 124.65 | OK | |
r-release-macos-x86_64 | 0.4.0 | NOTE | ||||
r-release-windows-ix86+x86_64 | 0.4.0 | 127.00 | 145.00 | 272.00 | NOTE | |
r-oldrel-macos-x86_64 | 0.4.0 | NOTE | ||||
r-oldrel-windows-ix86+x86_64 | 0.4.0 | 157.00 | 135.00 | 292.00 | NOTE |
Version: 0.4.0
Check: installed package size
Result: NOTE
installed size is 9.8Mb
sub-directories of 1Mb or more:
data 2.4Mb
libs 5.6Mb
Flavors: r-devel-linux-x86_64-fedora-clang, r-devel-windows-ix86+x86_64, r-release-macos-x86_64, r-release-windows-ix86+x86_64, r-oldrel-macos-x86_64, r-oldrel-windows-ix86+x86_64