Last updated on 2020-10-11 01:47:31 CEST.
Flavor | Version | Tinstall | Tcheck | Ttotal | Status | Flags |
---|---|---|---|---|---|---|
r-devel-linux-x86_64-debian-clang | 0.16.0 | 2.91 | 29.57 | 32.48 | OK | |
r-devel-linux-x86_64-debian-gcc | 0.16.0 | 2.16 | 23.35 | 25.51 | OK | |
r-devel-linux-x86_64-fedora-clang | 0.16.0 | 47.97 | NOTE | |||
r-devel-linux-x86_64-fedora-gcc | 0.16.0 | 39.45 | NOTE | |||
r-devel-windows-ix86+x86_64 | 0.16.0 | 8.00 | 40.00 | 48.00 | OK | |
r-patched-linux-x86_64 | 0.16.0 | 3.02 | 28.03 | 31.05 | OK | |
r-patched-solaris-x86 | 0.16.0 | 56.60 | NOTE | |||
r-release-linux-x86_64 | 0.16.0 | 2.82 | 28.73 | 31.55 | OK | |
r-release-macos-x86_64 | 0.16.0 | NOTE | ||||
r-release-windows-ix86+x86_64 | 0.16.0 | 6.00 | 69.00 | 75.00 | OK | |
r-oldrel-macos-x86_64 | 0.16.0 | NOTE | ||||
r-oldrel-windows-ix86+x86_64 | 0.16.0 | 5.00 | 34.00 | 39.00 | OK |
Version: 0.16.0
Check: dependencies in R code
Result: NOTE
Namespace in Imports field not imported from: ‘tidyselect’
All declared Imports should be used.
Flavors: r-devel-linux-x86_64-fedora-clang, r-devel-linux-x86_64-fedora-gcc, r-patched-solaris-x86, r-release-macos-x86_64, r-oldrel-macos-x86_64