Last updated on 2020-10-11 01:47:31 CEST.
Flavor | Version | Tinstall | Tcheck | Ttotal | Status | Flags |
---|---|---|---|---|---|---|
r-devel-linux-x86_64-debian-clang | 2.1.1 | 2.98 | 38.32 | 41.30 | OK | |
r-devel-linux-x86_64-debian-gcc | 2.1.1 | 2.33 | 30.36 | 32.69 | OK | |
r-devel-linux-x86_64-fedora-clang | 2.1.1 | 59.17 | NOTE | |||
r-devel-linux-x86_64-fedora-gcc | 2.1.1 | 52.47 | NOTE | |||
r-devel-windows-ix86+x86_64 | 2.1.1 | 6.00 | 49.00 | 55.00 | OK | |
r-patched-linux-x86_64 | 2.1.1 | 2.83 | 37.75 | 40.58 | OK | |
r-patched-solaris-x86 | 2.1.1 | 79.30 | NOTE | |||
r-release-linux-x86_64 | 2.1.1 | 3.11 | 37.64 | 40.75 | OK | |
r-release-macos-x86_64 | 2.1.1 | NOTE | ||||
r-release-windows-ix86+x86_64 | 2.1.1 | 4.00 | 68.00 | 72.00 | OK | |
r-oldrel-macos-x86_64 | 2.1.1 | NOTE | ||||
r-oldrel-windows-ix86+x86_64 | 2.1.1 | 4.00 | 44.00 | 48.00 | OK |
Version: 2.1.1
Check: dependencies in R code
Result: NOTE
Namespace in Imports field not imported from: ‘RcppParallel’
All declared Imports should be used.
Flavors: r-devel-linux-x86_64-fedora-clang, r-devel-linux-x86_64-fedora-gcc, r-patched-solaris-x86, r-release-macos-x86_64, r-oldrel-macos-x86_64