CRAN Package Check Results for Package rstap

Last updated on 2020-10-11 01:47:31 CEST.

Flavor Version Tinstall Tcheck Ttotal Status Flags
r-devel-linux-x86_64-debian-clang 1.0.3 783.40 248.10 1031.50 NOTE
r-devel-linux-x86_64-debian-gcc 1.0.3 591.76 216.46 808.22 NOTE
r-devel-linux-x86_64-fedora-clang 1.0.3 1321.60 NOTE
r-devel-linux-x86_64-fedora-gcc 1.0.3 1349.95 NOTE
r-devel-windows-ix86+x86_64 1.0.3 6.00 6.00 12.00 ERROR
r-patched-linux-x86_64 1.0.3 582.23 290.18 872.41 NOTE
r-patched-solaris-x86 1.0.3 1175.60 NOTE
r-release-linux-x86_64 1.0.3 636.23 276.01 912.24 NOTE
r-release-macos-x86_64 1.0.3 NOTE
r-release-windows-ix86+x86_64 1.0.3 3.00 7.00 10.00 ERROR
r-oldrel-macos-x86_64 1.0.3 FAIL
r-oldrel-windows-ix86+x86_64 1.0.3 300.00 5.00 305.00 ERROR

Check Details

Version: 1.0.3
Check: for GNU extensions in Makefiles
Result: NOTE
    GNU make is a SystemRequirements.
Flavors: r-devel-linux-x86_64-debian-clang, r-devel-linux-x86_64-debian-gcc, r-devel-linux-x86_64-fedora-clang, r-devel-linux-x86_64-fedora-gcc, r-patched-linux-x86_64, r-patched-solaris-x86, r-release-linux-x86_64, r-release-macos-x86_64

Version: 1.0.3
Check: installed package size
Result: NOTE
     installed size is 122.8Mb
     sub-directories of 1Mb or more:
     libs 121.5Mb
Flavors: r-devel-linux-x86_64-fedora-clang, r-patched-solaris-x86, r-release-macos-x86_64, r-oldrel-macos-x86_64

Version: 1.0.3
Check: dependencies in R code
Result: NOTE
    Namespace in Imports field not imported from: ‘loo’
     All declared Imports should be used.
Flavors: r-devel-linux-x86_64-fedora-clang, r-devel-linux-x86_64-fedora-gcc, r-patched-solaris-x86, r-release-macos-x86_64, r-oldrel-macos-x86_64

Version: 1.0.3
Check: Rd cross-references
Result: NOTE
    Undeclared packages ‘gridExtra’, ‘rstanarm’ in Rd xrefs
Flavor: r-devel-linux-x86_64-fedora-clang

Version: 1.0.3
Check: whether package can be installed
Result: ERROR
    Installation failed.
Flavors: r-devel-windows-ix86+x86_64, r-release-windows-ix86+x86_64, r-oldrel-windows-ix86+x86_64

Version: 1.0.3
Check: package dependencies
Result: NOTE
    Package suggested but not available for checking: ‘pkgdown’
Flavor: r-patched-solaris-x86

Version: 1.0.3
Check: Rd \usage sections
Result: FAIL
Flavor: r-oldrel-macos-x86_64