Last updated on 2020-10-11 01:47:31 CEST.
Flavor | Version | Tinstall | Tcheck | Ttotal | Status | Flags |
---|---|---|---|---|---|---|
r-devel-linux-x86_64-debian-clang | 0.2.3 | 4.33 | 59.43 | 63.76 | OK | |
r-devel-linux-x86_64-debian-gcc | 0.2.3 | 3.51 | 45.16 | 48.67 | OK | |
r-devel-linux-x86_64-fedora-clang | 0.2.3 | 84.48 | NOTE | |||
r-devel-linux-x86_64-fedora-gcc | 0.2.3 | 79.52 | OK | |||
r-devel-windows-ix86+x86_64 | 0.2.3 | 10.00 | 81.00 | 91.00 | OK | |
r-patched-linux-x86_64 | 0.2.3 | 4.18 | 55.82 | 60.00 | OK | |
r-patched-solaris-x86 | 0.2.3 | 99.10 | OK | |||
r-release-linux-x86_64 | 0.2.3 | 4.07 | 57.72 | 61.79 | OK | |
r-release-macos-x86_64 | 0.2.3 | OK | ||||
r-release-windows-ix86+x86_64 | 0.2.3 | 8.00 | 88.00 | 96.00 | OK | |
r-oldrel-macos-x86_64 | 0.2.3 | OK | ||||
r-oldrel-windows-ix86+x86_64 | 0.2.3 | 8.00 | 58.00 | 66.00 | OK |
Version: 0.2.3
Check: Rd cross-references
Result: NOTE
Undeclared package ‘magrittr’ in Rd xrefs
Flavor: r-devel-linux-x86_64-fedora-clang