Last updated on 2020-10-11 01:47:32 CEST.
Flavor | Version | Tinstall | Tcheck | Ttotal | Status | Flags |
---|---|---|---|---|---|---|
r-devel-linux-x86_64-debian-clang | 0.2.2 | 18.07 | 132.25 | 150.32 | OK | |
r-devel-linux-x86_64-debian-gcc | 0.2.2 | 16.69 | 100.46 | 117.15 | OK | |
r-devel-linux-x86_64-fedora-clang | 0.2.2 | 186.60 | OK | |||
r-devel-linux-x86_64-fedora-gcc | 0.2.2 | 190.18 | OK | |||
r-devel-windows-ix86+x86_64 | 0.2.2 | 35.00 | 163.00 | 198.00 | OK | |
r-patched-linux-x86_64 | 0.2.2 | 18.59 | 124.10 | 142.69 | OK | |
r-patched-solaris-x86 | 0.2.2 | 230.40 | OK | |||
r-release-linux-x86_64 | 0.2.2 | 19.38 | 125.53 | 144.91 | OK | |
r-release-macos-x86_64 | 0.2.2 | OK | ||||
r-release-windows-ix86+x86_64 | 0.2.2 | 30.00 | 149.00 | 179.00 | OK | |
r-oldrel-macos-x86_64 | 0.2.2 | ERROR | ||||
r-oldrel-windows-ix86+x86_64 | 0.2.2 | 33.00 | 117.00 | 150.00 | OK |
Version: 0.2.2
Check: package dependencies
Result: ERROR
Package required and available but unsuitable version: ‘data.table’
See section ‘The DESCRIPTION file’ in the ‘Writing R Extensions’
manual.
Flavor: r-oldrel-macos-x86_64