Last updated on 2020-10-11 01:47:32 CEST.
Flavor | Version | Tinstall | Tcheck | Ttotal | Status | Flags |
---|---|---|---|---|---|---|
r-devel-linux-x86_64-debian-clang | 2.0.0 | 2.96 | 27.98 | 30.94 | OK | |
r-devel-linux-x86_64-debian-gcc | 2.0.0 | 2.25 | 22.05 | 24.30 | OK | |
r-devel-linux-x86_64-fedora-clang | 2.0.0 | 49.41 | NOTE | |||
r-devel-linux-x86_64-fedora-gcc | 2.0.0 | 38.23 | NOTE | |||
r-devel-windows-ix86+x86_64 | 2.0.0 | 6.00 | 46.00 | 52.00 | OK | |
r-patched-linux-x86_64 | 2.0.0 | 2.97 | 26.69 | 29.66 | OK | |
r-patched-solaris-x86 | 2.0.0 | 59.30 | NOTE | |||
r-release-linux-x86_64 | 2.0.0 | 3.03 | 27.32 | 30.35 | OK | |
r-release-macos-x86_64 | 2.0.0 | NOTE | ||||
r-release-windows-ix86+x86_64 | 2.0.0 | 5.00 | 41.00 | 46.00 | OK | |
r-oldrel-macos-x86_64 | 2.0.0 | NOTE | ||||
r-oldrel-windows-ix86+x86_64 | 2.0.0 | 5.00 | 32.00 | 37.00 | OK |
Version: 2.0.0
Check: data for non-ASCII characters
Result: NOTE
Note: found 6 marked UTF-8 strings
Flavors: r-devel-linux-x86_64-fedora-clang, r-devel-linux-x86_64-fedora-gcc, r-patched-solaris-x86, r-release-macos-x86_64, r-oldrel-macos-x86_64
Version: 2.0.0
Check: package dependencies
Result: NOTE
Package suggested but not available for checking: ‘org.Sc.sgd.db’
Flavor: r-release-macos-x86_64
Version: 2.0.0
Check: package dependencies
Result: NOTE
Packages suggested but not available for checking: 'GO.db', 'org.Sc.sgd.db'
Flavor: r-oldrel-macos-x86_64