CRAN Package Check Results for Package santaR

Last updated on 2020-10-11 01:47:32 CEST.

Flavor Version Tinstall Tcheck Ttotal Status Flags
r-devel-linux-x86_64-debian-clang 1.0 5.52 185.61 191.13 OK
r-devel-linux-x86_64-debian-gcc 1.0 4.77 138.20 142.97 OK
r-devel-linux-x86_64-fedora-clang 1.0 228.53 NOTE
r-devel-linux-x86_64-fedora-gcc 1.0 233.37 NOTE
r-devel-windows-ix86+x86_64 1.0 14.00 163.00 177.00 OK
r-patched-linux-x86_64 1.0 6.46 178.46 184.92 OK
r-patched-solaris-x86 1.0 249.70 NOTE
r-release-linux-x86_64 1.0 6.24 175.09 181.33 OK
r-release-macos-x86_64 1.0 NOTE
r-release-windows-ix86+x86_64 1.0 11.00 214.00 225.00 OK
r-oldrel-macos-x86_64 1.0 NOTE
r-oldrel-windows-ix86+x86_64 1.0 12.00 146.00 158.00 OK

Check Details

Version: 1.0
Check: dependencies in R code
Result: NOTE
    Namespace in Imports field not imported from: ‘gridExtra’
     All declared Imports should be used.
Flavors: r-devel-linux-x86_64-fedora-clang, r-devel-linux-x86_64-fedora-gcc, r-patched-solaris-x86, r-release-macos-x86_64, r-oldrel-macos-x86_64