CRAN Package Check Results for Package sapfluxnetr

Last updated on 2020-10-11 01:47:32 CEST.

Flavor Version Tinstall Tcheck Ttotal Status Flags
r-devel-linux-x86_64-debian-clang 0.1.1 9.78 242.80 252.58 OK
r-devel-linux-x86_64-debian-gcc 0.1.1 8.95 181.73 190.68 OK
r-devel-linux-x86_64-fedora-clang 0.1.1 305.73 NOTE
r-devel-linux-x86_64-fedora-gcc 0.1.1 308.28 NOTE
r-devel-windows-ix86+x86_64 0.1.1 21.00 297.00 318.00 OK
r-patched-linux-x86_64 0.1.1 9.77 232.16 241.93 OK
r-patched-solaris-x86 0.1.1 383.40 NOTE
r-release-linux-x86_64 0.1.1 9.51 226.87 236.38 OK
r-release-macos-x86_64 0.1.1 NOTE
r-release-windows-ix86+x86_64 0.1.1 14.00 302.00 316.00 OK
r-oldrel-macos-x86_64 0.1.1 NOTE
r-oldrel-windows-ix86+x86_64 0.1.1 18.00 202.00 220.00 OK

Check Details

Version: 0.1.1
Check: data for non-ASCII characters
Result: NOTE
     Note: found 4 marked UTF-8 strings
Flavors: r-devel-linux-x86_64-fedora-clang, r-devel-linux-x86_64-fedora-gcc, r-patched-solaris-x86, r-release-macos-x86_64, r-oldrel-macos-x86_64