CRAN Package Check Results for Package scRNAtools

Last updated on 2020-10-11 01:47:32 CEST.

Flavor Version Tinstall Tcheck Ttotal Status Flags
r-devel-linux-x86_64-debian-clang 1.0 16.74 151.19 167.93 NOTE
r-devel-linux-x86_64-debian-gcc 1.0 14.52 114.96 129.48 NOTE
r-devel-linux-x86_64-fedora-clang 1.0 213.77 NOTE
r-devel-linux-x86_64-fedora-gcc 1.0 213.47 NOTE
r-devel-windows-ix86+x86_64 1.0 46.00 185.00 231.00 OK
r-patched-linux-x86_64 1.0 14.21 138.81 153.02 NOTE
r-patched-solaris-x86 1.0 293.40 NOTE
r-release-linux-x86_64 1.0 15.40 140.66 156.06 NOTE
r-release-macos-x86_64 1.0 ERROR
r-release-windows-ix86+x86_64 1.0 31.00 166.00 197.00 OK
r-oldrel-macos-x86_64 1.0 ERROR
r-oldrel-windows-ix86+x86_64 1.0 36.00 121.00 157.00 OK

Check Details

Version: 1.0
Check: for non-standard things in the check directory
Result: NOTE
    Found the following files/directories:
     'untitled_consensus_cluster'
Flavors: r-devel-linux-x86_64-debian-clang, r-devel-linux-x86_64-debian-gcc, r-devel-linux-x86_64-fedora-clang, r-devel-linux-x86_64-fedora-gcc, r-patched-linux-x86_64, r-patched-solaris-x86, r-release-linux-x86_64

Version: 1.0
Check: package dependencies
Result: ERROR
    Packages required but not available: 'ALL', 'ConsensusClusterPlus'
    
    See section ‘The DESCRIPTION file’ in the ‘Writing R Extensions’
    manual.
Flavors: r-release-macos-x86_64, r-oldrel-macos-x86_64