CRAN Package Check Results for Package scorecard

Last updated on 2020-10-11 01:47:32 CEST.

Flavor Version Tinstall Tcheck Ttotal Status Flags
r-devel-linux-x86_64-debian-clang 0.3.1 9.13 82.00 91.13 OK
r-devel-linux-x86_64-debian-gcc 0.3.1 8.25 58.88 67.13 OK
r-devel-linux-x86_64-fedora-clang 0.3.1 112.45 OK
r-devel-linux-x86_64-fedora-gcc 0.3.1 105.08 OK
r-devel-windows-ix86+x86_64 0.3.1 21.00 77.00 98.00 OK
r-patched-linux-x86_64 0.3.1 9.85 73.08 82.93 OK
r-patched-solaris-x86 0.3.1 138.10 NOTE
r-release-linux-x86_64 0.3.1 7.78 72.76 80.54 OK
r-release-macos-x86_64 0.3.1 OK
r-release-windows-ix86+x86_64 0.3.1 14.00 106.00 120.00 OK
r-oldrel-macos-x86_64 0.3.1 OK
r-oldrel-windows-ix86+x86_64 0.3.1 18.00 69.00 87.00 OK

Check Details

Version: 0.3.1
Check: package dependencies
Result: NOTE
    Package suggested but not available for checking: ‘pkgdown’
Flavor: r-patched-solaris-x86