Last updated on 2020-10-11 01:47:32 CEST.
Flavor | Version | Tinstall | Tcheck | Ttotal | Status | Flags |
---|---|---|---|---|---|---|
r-devel-linux-x86_64-debian-clang | 2.0.0 | 15.79 | 118.25 | 134.04 | OK | |
r-devel-linux-x86_64-debian-gcc | 2.0.0 | 14.97 | 90.17 | 105.14 | OK | |
r-devel-linux-x86_64-fedora-clang | 2.0.0 | 171.24 | OK | |||
r-devel-linux-x86_64-fedora-gcc | 2.0.0 | 169.82 | OK | |||
r-devel-windows-ix86+x86_64 | 2.0.0 | 37.00 | 138.00 | 175.00 | OK | |
r-patched-linux-x86_64 | 2.0.0 | 16.41 | 109.67 | 126.08 | OK | |
r-patched-solaris-x86 | 2.0.0 | 231.40 | OK | |||
r-release-linux-x86_64 | 2.0.0 | 15.19 | 108.43 | 123.62 | OK | |
r-release-macos-x86_64 | 2.0.0 | OK | ||||
r-release-windows-ix86+x86_64 | 2.0.0 | 28.00 | 177.00 | 205.00 | OK | |
r-oldrel-macos-x86_64 | 2.0.0 | WARN | ||||
r-oldrel-windows-ix86+x86_64 | 2.0.0 | 34.00 | 123.00 | 157.00 | OK |
Version: 2.0.0
Check: whether package can be installed
Result: WARN
Found the following significant warnings:
Warning: 'rgl_init' failed, running with rgl.useNULL = TRUE
Flavor: r-oldrel-macos-x86_64
Version: 2.0.0
Check: dependencies in R code
Result: NOTE
No protocol specified
Flavor: r-oldrel-macos-x86_64
Version: 2.0.0
Check: S3 generic/method consistency
Result: WARN
No protocol specified
See section ‘Generic functions and methods’ in the ‘Writing R
Extensions’ manual.
Flavor: r-oldrel-macos-x86_64
Version: 2.0.0
Check: replacement functions
Result: WARN
No protocol specified
The argument of a replacement function which corresponds to the right
hand side must be named ‘value’.
Flavor: r-oldrel-macos-x86_64
Version: 2.0.0
Check: foreign function calls
Result: NOTE
No protocol specified
See chapter ‘System and foreign language interfaces’ in the ‘Writing R
Extensions’ manual.
Flavor: r-oldrel-macos-x86_64
Version: 2.0.0
Check: R code for possible problems
Result: NOTE
No protocol specified
Flavor: r-oldrel-macos-x86_64
Version: 2.0.0
Check: for missing documentation entries
Result: WARN
No protocol specified
All user-level objects in a package should have documentation entries.
See chapter ‘Writing R documentation files’ in the ‘Writing R
Extensions’ manual.
Flavor: r-oldrel-macos-x86_64
Version: 2.0.0
Check: for code/documentation mismatches
Result: WARN
No protocol specified
No protocol specified
No protocol specified
Flavor: r-oldrel-macos-x86_64
Version: 2.0.0
Check: Rd \usage sections
Result: NOTE
No protocol specified
The \usage entries for S3 methods should use the \method markup and not
their full name.
See chapter ‘Writing R documentation files’ in the ‘Writing R
Extensions’ manual.
Flavor: r-oldrel-macos-x86_64