CRAN Package Check Results for Package seededlda

Last updated on 2020-10-11 01:47:32 CEST.

Flavor Version Tinstall Tcheck Ttotal Status Flags
r-devel-linux-x86_64-debian-clang 0.5 40.80 358.69 399.49 OK
r-devel-linux-x86_64-debian-gcc 0.5 38.77 165.66 204.43 OK
r-devel-linux-x86_64-fedora-clang 0.5 368.28 NOTE
r-devel-linux-x86_64-fedora-gcc 0.5 346.80 OK
r-devel-windows-ix86+x86_64 0.5 114.00 446.00 560.00 OK
r-patched-linux-x86_64 0.5 46.53 238.55 285.08 OK
r-patched-solaris-x86 0.5 717.00 OK
r-release-linux-x86_64 0.5 44.02 235.79 279.81 OK
r-release-macos-x86_64 0.5 OK
r-release-windows-ix86+x86_64 0.5 82.00 529.00 611.00 OK
r-oldrel-macos-x86_64 0.5 OK
r-oldrel-windows-ix86+x86_64 0.5 97.00 582.00 679.00 OK

Check Details

Version: 0.5
Check: Rd cross-references
Result: NOTE
    Undeclared package ‘topicmodels’ in Rd xrefs
Flavor: r-devel-linux-x86_64-fedora-clang