Last updated on 2020-10-11 01:47:32 CEST.
Flavor | Version | Tinstall | Tcheck | Ttotal | Status | Flags |
---|---|---|---|---|---|---|
r-devel-linux-x86_64-debian-clang | 0.4.0 | 13.15 | 111.87 | 125.02 | OK | |
r-devel-linux-x86_64-debian-gcc | 0.4.0 | 10.99 | 84.85 | 95.84 | OK | |
r-devel-linux-x86_64-fedora-clang | 0.4.0 | 165.29 | NOTE | |||
r-devel-linux-x86_64-fedora-gcc | 0.4.0 | 157.37 | OK | |||
r-devel-windows-ix86+x86_64 | 0.4.0 | 28.00 | 116.00 | 144.00 | NOTE | |
r-patched-linux-x86_64 | 0.4.0 | 13.12 | 106.60 | 119.72 | OK | |
r-patched-solaris-x86 | 0.4.0 | 219.40 | NOTE | |||
r-release-linux-x86_64 | 0.4.0 | 13.16 | 107.62 | 120.78 | OK | |
r-release-macos-x86_64 | 0.4.0 | NOTE | ||||
r-release-windows-ix86+x86_64 | 0.4.0 | 21.00 | 152.00 | 173.00 | NOTE | |
r-oldrel-macos-x86_64 | 0.4.0 | NOTE | ||||
r-oldrel-windows-ix86+x86_64 | 0.4.0 | 24.00 | 135.00 | 159.00 | NOTE |
Version: 0.4.0
Check: installed package size
Result: NOTE
installed size is 7.0Mb
sub-directories of 1Mb or more:
data 6.7Mb
Flavors: r-devel-linux-x86_64-fedora-clang, r-devel-windows-ix86+x86_64, r-patched-solaris-x86, r-release-macos-x86_64, r-release-windows-ix86+x86_64, r-oldrel-macos-x86_64, r-oldrel-windows-ix86+x86_64