CRAN Package Check Results for Package sen2r

Last updated on 2020-10-11 01:47:32 CEST.

Flavor Version Tinstall Tcheck Ttotal Status Flags
r-devel-linux-x86_64-debian-clang 1.3.8 26.78 269.16 295.94 ERROR
r-devel-linux-x86_64-debian-gcc 1.3.8 23.02 213.09 236.11 ERROR
r-devel-linux-x86_64-fedora-clang 1.3.8 381.56 ERROR
r-devel-linux-x86_64-fedora-gcc 1.3.8 377.10 ERROR
r-devel-windows-ix86+x86_64 1.3.8 67.00 343.00 410.00 ERROR
r-patched-linux-x86_64 1.3.8 28.73 255.95 284.68 ERROR
r-patched-solaris-x86 1.3.8 383.40 ERROR
r-release-linux-x86_64 1.3.8 26.21 254.30 280.51 ERROR
r-release-macos-x86_64 1.3.8 OK
r-release-windows-ix86+x86_64 1.3.8 49.00 320.00 369.00 ERROR
r-oldrel-macos-x86_64 1.3.8 OK
r-oldrel-windows-ix86+x86_64 1.3.8 59.00 254.00 313.00 OK

Check Details

Version: 1.3.8
Check: tests
Result: ERROR
     Running 'spelling.R' [0s/1s]
     Running 'testthat.R' [72s/83s]
    Running the tests in 'tests/testthat.R' failed.
    Complete output:
     > library(testthat)
     > library(sen2r)
     Welcome to sen2r. To use the package from a GUI, launch
     > sen2r()
     Documentation: http://sen2r.ranghetti.info
     Help and bug report: https://github.com/ranghetti/sen2r/issues
     >
     > test_check("sen2r")
     Tests are run with SciHub user "user".
     -- 1. Failure: Test longlat (@test-projpar.R#8) -------------------------------
     projname(crs_totest) %in% c("WGS 84", "unknown") isn't true.
    
     -- 2. Failure: Test longlat (@test-projpar.R#9) -------------------------------
     projpar(crs_totest, "geogcs") %in% c("WGS 84", "unknown") isn't true.
    
    
     |
     | | 0%
     |
     |======================= | 33%
     |
     |=============================================== | 67%
     |
     |======================================================================| 100%
     |
     | | 0%
     |
     |======================= | 33%
     |
     |=============================================== | 67%
     |
     |======================================================================| 100%
     |
     | | 0%
     |
     |========== | 14%
     |
     |==================== | 29%
     |
     |============================== | 43%
     |
     |======================================== | 57%
     |
     |================================================== | 71%
     |
     |============================================================ | 86%
     |
     |======================================================================| 100%trying to read file: /tmp/RtmpKXiJrG/out_test7_57b1149c765b/BOA/S2A2A_20190723_022_Barbellino_BOA_10.tif
    
     |
     | | 0%
     |
     |== | 2%
     |
     |=== | 5%
     |
     |===== | 7%
     |
     |======= | 10%
     |
     |======== | 12%
     |
     |========== | 14%
     |
     |============ | 17%
     |
     |============= | 19%
     |
     |=============== | 21%
     |
     |================= | 24%
     |
     |================== | 26%
     |
     |==================== | 29%
     |
     |====================== | 31%
     |
     |======================= | 33%
     |
     |========================= | 36%
     |
     |=========================== | 38%
     |
     |============================ | 40%
     |
     |============================== | 43%
     |
     |================================ | 45%
     |
     |================================= | 48%
     |
     |=================================== | 50%
     |
     |===================================== | 52%
     |
     |====================================== | 55%
     |
     |======================================== | 57%
     |
     |========================================== | 60%
     |
     |=========================================== | 62%
     |
     |============================================= | 64%
     |
     |=============================================== | 67%
     |
     |================================================ | 69%
     |
     |================================================== | 71%
     |
     |==================================================== | 74%
     |
     |===================================================== | 76%
     |
     |======================================================= | 79%
     |
     |========================================================= | 81%
     |
     |========================================================== | 83%
     |
     |============================================================ | 86%
     |
     |============================================================== | 88%
     |
     |=============================================================== | 90%
     |
     |================================================================= | 93%
     |
     |=================================================================== | 95%
     |
     |==================================================================== | 98%
     |
     |======================================================================| 100%
     |
     | | 0%
     |
     |== | 2%
     |
     |=== | 5%
     |
     |===== | 7%
     |
     |======= | 10%
     |
     |======== | 12%
     |
     |========== | 14%
     |
     |============ | 17%
     |
     |============= | 19%
     |
     |=============== | 21%
     |
     |================= | 24%
     |
     |================== | 26%
     |
     |==================== | 29%
     |
     |====================== | 31%
     |
     |======================= | 33%
     |
     |========================= | 36%
     |
     |=========================== | 38%
     |
     |============================ | 40%
     |
     |============================== | 43%
     |
     |================================ | 45%
     |
     |================================= | 48%
     |
     |=================================== | 50%
     |
     |===================================== | 52%
     |
     |====================================== | 55%
     |
     |======================================== | 57%
     |
     |========================================== | 60%
     |
     |=========================================== | 62%
     |
     |============================================= | 64%
     |
     |=============================================== | 67%
     |
     |================================================ | 69%
     |
     |================================================== | 71%
     |
     |==================================================== | 74%
     |
     |===================================================== | 76%
     |
     |======================================================= | 79%
     |
     |========================================================= | 81%
     |
     |========================================================== | 83%
     |
     |============================================================ | 86%
     |
     |============================================================== | 88%
     |
     |=============================================================== | 90%
     |
     |================================================================= | 93%
     |
     |=================================================================== | 95%
     |
     |==================================================================== | 98%
     |
     |======================================================================| 100%
     |
     | | 0%
     |
     |== | 2%
     |
     |=== | 5%
     |
     |===== | 7%
     |
     |======= | 10%
     |
     |======== | 12%
     |
     |========== | 14%
     |
     |============ | 17%
     |
     |============= | 19%
     |
     |=============== | 21%
     |
     |================= | 24%
     |
     |================== | 26%
     |
     |==================== | 29%
     |
     |====================== | 31%
     |
     |======================= | 33%
     |
     |========================= | 36%
     |
     |=========================== | 38%
     |
     |============================ | 40%
     |
     |============================== | 43%
     |
     |================================ | 45%
     |
     |================================= | 48%
     |
     |=================================== | 50%
     |
     |===================================== | 52%
     |
     |====================================== | 55%
     |
     |======================================== | 57%
     |
     |========================================== | 60%
     |
     |=========================================== | 62%
     |
     |============================================= | 64%
     |
     |=============================================== | 67%
     |
     |================================================ | 69%
     |
     |================================================== | 71%
     |
     |==================================================== | 74%
     |
     |===================================================== | 76%
     |
     |======================================================= | 79%
     |
     |========================================================= | 81%
     |
     |========================================================== | 83%
     |
     |============================================================ | 86%
     |
     |============================================================== | 88%
     |
     |=============================================================== | 90%
     |
     |================================================================= | 93%
     |
     |=================================================================== | 95%
     |
     |==================================================================== | 98%
     |
     |======================================================================| 100%
     |
     | | 0%
     |
     |== | 2%
     |
     |=== | 5%
     |
     |===== | 7%
     |
     |======= | 10%
     |
     |======== | 12%
     |
     |========== | 14%
     |
     |============ | 17%
     |
     |============= | 19%
     |
     |=============== | 21%
     |
     |================= | 24%
     |
     |================== | 26%
     |
     |==================== | 29%
     |
     |====================== | 31%
     |
     |======================= | 33%
     |
     |========================= | 36%
     |
     |=========================== | 38%
     |
     |============================ | 40%
     |
     |============================== | 43%
     |
     |================================ | 45%
     |
     |================================= | 48%
     |
     |=================================== | 50%
     |
     |===================================== | 52%
     |
     |====================================== | 55%
     |
     |======================================== | 57%
     |
     |========================================== | 60%
     |
     |=========================================== | 62%
     |
     |============================================= | 64%
     |
     |=============================================== | 67%
     |
     |================================================ | 69%
     |
     |================================================== | 71%
     |
     |==================================================== | 74%
     |
     |===================================================== | 76%
     |
     |======================================================= | 79%
     |
     |========================================================= | 81%
     |
     |========================================================== | 83%
     |
     |============================================================ | 86%
     |
     |============================================================== | 88%
     |
     |=============================================================== | 90%
     |
     |================================================================= | 93%
     |
     |=================================================================== | 95%
     |
     |==================================================================== | 98%
     |
     |======================================================================| 100%-- 3. Error: st_crs2, input WKT (@test-st_crs2.R#64) --------------------------
     crs not found: is it missing?
     Backtrace:
     1. sen2r:::expect_equal_crs(st_crs2(wkt_32n_path), 32609)
     7. sf:::st_transform.sfc(ref_vec, crs1)
     9. sf:::CPL_transform(x, crs, aoi, pipeline, reverse)
    
     == testthat results ===========================================================
     [ OK: 237 | SKIPPED: 18 | WARNINGS: 2 | FAILED: 3 ]
     1. Failure: Test longlat (@test-projpar.R#8)
     2. Failure: Test longlat (@test-projpar.R#9)
     3. Error: st_crs2, input WKT (@test-st_crs2.R#64)
    
     Error: testthat unit tests failed
     In addition: Warning messages:
     1: In normalizePath(path, ...) :
     path[1]="/home/hornik/.sen2r": No such file or directory
     2: In normalizePath(path, ...) :
     path[1]="/home/hornik/.sen2r": No such file or directory
     Execution halted
Flavor: r-devel-linux-x86_64-debian-clang

Version: 1.3.8
Check: tests
Result: ERROR
     Running ‘spelling.R’ [0s/1s]
     Running ‘testthat.R’ [63s/93s]
    Running the tests in ‘tests/testthat.R’ failed.
    Complete output:
     > library(testthat)
     > library(sen2r)
     Welcome to sen2r. To use the package from a GUI, launch
     > sen2r()
     Documentation: http://sen2r.ranghetti.info
     Help and bug report: https://github.com/ranghetti/sen2r/issues
     >
     > test_check("sen2r")
     Tests are run with SciHub user "user".
     ── 1. Failure: Test longlat (@test-projpar.R#8) ───────────────────────────────
     projname(crs_totest) %in% c("WGS 84", "unknown") isn't true.
    
     ── 2. Failure: Test longlat (@test-projpar.R#9) ───────────────────────────────
     projpar(crs_totest, "geogcs") %in% c("WGS 84", "unknown") isn't true.
    
    
     |
     | | 0%
     |
     |======================= | 33%
     |
     |=============================================== | 67%
     |
     |======================================================================| 100%
     |
     | | 0%
     |
     |======================= | 33%
     |
     |=============================================== | 67%
     |
     |======================================================================| 100%
     |
     | | 0%
     |
     |========== | 14%
     |
     |==================== | 29%
     |
     |============================== | 43%
     |
     |======================================== | 57%
     |
     |================================================== | 71%
     |
     |============================================================ | 86%
     |
     |======================================================================| 100%trying to read file: /home/hornik/tmp/scratch/Rtmp4eHgii/out_test7_7be21e93b2da/BOA/S2A2A_20190723_022_Barbellino_BOA_10.tif
    
     |
     | | 0%
     |
     |== | 2%
     |
     |=== | 5%
     |
     |===== | 7%
     |
     |======= | 10%
     |
     |======== | 12%
     |
     |========== | 14%
     |
     |============ | 17%
     |
     |============= | 19%
     |
     |=============== | 21%
     |
     |================= | 24%
     |
     |================== | 26%
     |
     |==================== | 29%
     |
     |====================== | 31%
     |
     |======================= | 33%
     |
     |========================= | 36%
     |
     |=========================== | 38%
     |
     |============================ | 40%
     |
     |============================== | 43%
     |
     |================================ | 45%
     |
     |================================= | 48%
     |
     |=================================== | 50%
     |
     |===================================== | 52%
     |
     |====================================== | 55%
     |
     |======================================== | 57%
     |
     |========================================== | 60%
     |
     |=========================================== | 62%
     |
     |============================================= | 64%
     |
     |=============================================== | 67%
     |
     |================================================ | 69%
     |
     |================================================== | 71%
     |
     |==================================================== | 74%
     |
     |===================================================== | 76%
     |
     |======================================================= | 79%
     |
     |========================================================= | 81%
     |
     |========================================================== | 83%
     |
     |============================================================ | 86%
     |
     |============================================================== | 88%
     |
     |=============================================================== | 90%
     |
     |================================================================= | 93%
     |
     |=================================================================== | 95%
     |
     |==================================================================== | 98%
     |
     |======================================================================| 100%
     |
     | | 0%
     |
     |== | 2%
     |
     |=== | 5%
     |
     |===== | 7%
     |
     |======= | 10%
     |
     |======== | 12%
     |
     |========== | 14%
     |
     |============ | 17%
     |
     |============= | 19%
     |
     |=============== | 21%
     |
     |================= | 24%
     |
     |================== | 26%
     |
     |==================== | 29%
     |
     |====================== | 31%
     |
     |======================= | 33%
     |
     |========================= | 36%
     |
     |=========================== | 38%
     |
     |============================ | 40%
     |
     |============================== | 43%
     |
     |================================ | 45%
     |
     |================================= | 48%
     |
     |=================================== | 50%
     |
     |===================================== | 52%
     |
     |====================================== | 55%
     |
     |======================================== | 57%
     |
     |========================================== | 60%
     |
     |=========================================== | 62%
     |
     |============================================= | 64%
     |
     |=============================================== | 67%
     |
     |================================================ | 69%
     |
     |================================================== | 71%
     |
     |==================================================== | 74%
     |
     |===================================================== | 76%
     |
     |======================================================= | 79%
     |
     |========================================================= | 81%
     |
     |========================================================== | 83%
     |
     |============================================================ | 86%
     |
     |============================================================== | 88%
     |
     |=============================================================== | 90%
     |
     |================================================================= | 93%
     |
     |=================================================================== | 95%
     |
     |==================================================================== | 98%
     |
     |======================================================================| 100%
     |
     | | 0%
     |
     |== | 2%
     |
     |=== | 5%
     |
     |===== | 7%
     |
     |======= | 10%
     |
     |======== | 12%
     |
     |========== | 14%
     |
     |============ | 17%
     |
     |============= | 19%
     |
     |=============== | 21%
     |
     |================= | 24%
     |
     |================== | 26%
     |
     |==================== | 29%
     |
     |====================== | 31%
     |
     |======================= | 33%
     |
     |========================= | 36%
     |
     |=========================== | 38%
     |
     |============================ | 40%
     |
     |============================== | 43%
     |
     |================================ | 45%
     |
     |================================= | 48%
     |
     |=================================== | 50%
     |
     |===================================== | 52%
     |
     |====================================== | 55%
     |
     |======================================== | 57%
     |
     |========================================== | 60%
     |
     |=========================================== | 62%
     |
     |============================================= | 64%
     |
     |=============================================== | 67%
     |
     |================================================ | 69%
     |
     |================================================== | 71%
     |
     |==================================================== | 74%
     |
     |===================================================== | 76%
     |
     |======================================================= | 79%
     |
     |========================================================= | 81%
     |
     |========================================================== | 83%
     |
     |============================================================ | 86%
     |
     |============================================================== | 88%
     |
     |=============================================================== | 90%
     |
     |================================================================= | 93%
     |
     |=================================================================== | 95%
     |
     |==================================================================== | 98%
     |
     |======================================================================| 100%
     |
     | | 0%
     |
     |== | 2%
     |
     |=== | 5%
     |
     |===== | 7%
     |
     |======= | 10%
     |
     |======== | 12%
     |
     |========== | 14%
     |
     |============ | 17%
     |
     |============= | 19%
     |
     |=============== | 21%
     |
     |================= | 24%
     |
     |================== | 26%
     |
     |==================== | 29%
     |
     |====================== | 31%
     |
     |======================= | 33%
     |
     |========================= | 36%
     |
     |=========================== | 38%
     |
     |============================ | 40%
     |
     |============================== | 43%
     |
     |================================ | 45%
     |
     |================================= | 48%
     |
     |=================================== | 50%
     |
     |===================================== | 52%
     |
     |====================================== | 55%
     |
     |======================================== | 57%
     |
     |========================================== | 60%
     |
     |=========================================== | 62%
     |
     |============================================= | 64%
     |
     |=============================================== | 67%
     |
     |================================================ | 69%
     |
     |================================================== | 71%
     |
     |==================================================== | 74%
     |
     |===================================================== | 76%
     |
     |======================================================= | 79%
     |
     |========================================================= | 81%
     |
     |========================================================== | 83%
     |
     |============================================================ | 86%
     |
     |============================================================== | 88%
     |
     |=============================================================== | 90%
     |
     |================================================================= | 93%
     |
     |=================================================================== | 95%
     |
     |==================================================================== | 98%
     |
     |======================================================================| 100%── 3. Error: st_crs2, input WKT (@test-st_crs2.R#64) ──────────────────────────
     crs not found: is it missing?
     Backtrace:
     1. sen2r:::expect_equal_crs(st_crs2(wkt_32n_path), 32609)
     7. sf:::st_transform.sfc(ref_vec, crs1)
     9. sf:::CPL_transform(x, crs, aoi, pipeline, reverse)
    
     ══ testthat results ═══════════════════════════════════════════════════════════
     [ OK: 237 | SKIPPED: 18 | WARNINGS: 2 | FAILED: 3 ]
     1. Failure: Test longlat (@test-projpar.R#8)
     2. Failure: Test longlat (@test-projpar.R#9)
     3. Error: st_crs2, input WKT (@test-st_crs2.R#64)
    
     Error: testthat unit tests failed
     In addition: Warning messages:
     1: In normalizePath(path, ...) :
     path[1]="/home/hornik/.sen2r": No such file or directory
     2: In normalizePath(path, ...) :
     path[1]="/home/hornik/.sen2r": No such file or directory
     Execution halted
Flavor: r-devel-linux-x86_64-debian-gcc

Version: 1.3.8
Check: tests
Result: ERROR
     Running ‘spelling.R’
     Running ‘testthat.R’ [86s/96s]
    Running the tests in ‘tests/testthat.R’ failed.
    Complete output:
     > library(testthat)
     > library(sen2r)
     Welcome to sen2r. To use the package from a GUI, launch
     > sen2r()
     Documentation: http://sen2r.ranghetti.info
     Help and bug report: https://github.com/ranghetti/sen2r/issues
     >
     > test_check("sen2r")
     Tests are run with SciHub user "user".
     ── 1. Failure: Test longlat (@test-projpar.R#8) ───────────────────────────────
     projname(crs_totest) %in% c("WGS 84", "unknown") isn't true.
    
     ── 2. Failure: Test longlat (@test-projpar.R#9) ───────────────────────────────
     projpar(crs_totest, "geogcs") %in% c("WGS 84", "unknown") isn't true.
    
    
     |
     | | 0%
     |
     |======================= | 33%
     |
     |=============================================== | 67%
     |
     |======================================================================| 100%
     |
     | | 0%
     |
     |======================= | 33%
     |
     |=============================================== | 67%
     |
     |======================================================================| 100%
     |
     | | 0%
     |
     |========== | 14%
     |
     |==================== | 29%
     |
     |============================== | 43%
     |
     |======================================== | 57%
     |
     |================================================== | 71%
     |
     |============================================================ | 86%
     |
     |======================================================================| 100%trying to read file: /tmp/Rtmpv6t6jG/working_dir/RtmpfOgrpC/out_test7_8f0f4ec27d81/BOA/S2A2A_20190723_022_Barbellino_BOA_10.tif
    
     |
     | | 0%
     |
     |== | 2%
     |
     |=== | 5%
     |
     |===== | 7%
     |
     |======= | 10%
     |
     |======== | 12%
     |
     |========== | 14%
     |
     |============ | 17%
     |
     |============= | 19%
     |
     |=============== | 21%
     |
     |================= | 24%
     |
     |================== | 26%
     |
     |==================== | 29%
     |
     |====================== | 31%
     |
     |======================= | 33%
     |
     |========================= | 36%
     |
     |=========================== | 38%
     |
     |============================ | 40%
     |
     |============================== | 43%
     |
     |================================ | 45%
     |
     |================================= | 48%
     |
     |=================================== | 50%
     |
     |===================================== | 52%
     |
     |====================================== | 55%
     |
     |======================================== | 57%
     |
     |========================================== | 60%
     |
     |=========================================== | 62%
     |
     |============================================= | 64%
     |
     |=============================================== | 67%
     |
     |================================================ | 69%
     |
     |================================================== | 71%
     |
     |==================================================== | 74%
     |
     |===================================================== | 76%
     |
     |======================================================= | 79%
     |
     |========================================================= | 81%
     |
     |========================================================== | 83%
     |
     |============================================================ | 86%
     |
     |============================================================== | 88%
     |
     |=============================================================== | 90%
     |
     |================================================================= | 93%
     |
     |=================================================================== | 95%
     |
     |==================================================================== | 98%
     |
     |======================================================================| 100%
     |
     | | 0%
     |
     |== | 2%
     |
     |=== | 5%
     |
     |===== | 7%
     |
     |======= | 10%
     |
     |======== | 12%
     |
     |========== | 14%
     |
     |============ | 17%
     |
     |============= | 19%
     |
     |=============== | 21%
     |
     |================= | 24%
     |
     |================== | 26%
     |
     |==================== | 29%
     |
     |====================== | 31%
     |
     |======================= | 33%
     |
     |========================= | 36%
     |
     |=========================== | 38%
     |
     |============================ | 40%
     |
     |============================== | 43%
     |
     |================================ | 45%
     |
     |================================= | 48%
     |
     |=================================== | 50%
     |
     |===================================== | 52%
     |
     |====================================== | 55%
     |
     |======================================== | 57%
     |
     |========================================== | 60%
     |
     |=========================================== | 62%
     |
     |============================================= | 64%
     |
     |=============================================== | 67%
     |
     |================================================ | 69%
     |
     |================================================== | 71%
     |
     |==================================================== | 74%
     |
     |===================================================== | 76%
     |
     |======================================================= | 79%
     |
     |========================================================= | 81%
     |
     |========================================================== | 83%
     |
     |============================================================ | 86%
     |
     |============================================================== | 88%
     |
     |=============================================================== | 90%
     |
     |================================================================= | 93%
     |
     |=================================================================== | 95%
     |
     |==================================================================== | 98%
     |
     |======================================================================| 100%
     |
     | | 0%
     |
     |== | 2%
     |
     |=== | 5%
     |
     |===== | 7%
     |
     |======= | 10%
     |
     |======== | 12%
     |
     |========== | 14%
     |
     |============ | 17%
     |
     |============= | 19%
     |
     |=============== | 21%
     |
     |================= | 24%
     |
     |================== | 26%
     |
     |==================== | 29%
     |
     |====================== | 31%
     |
     |======================= | 33%
     |
     |========================= | 36%
     |
     |=========================== | 38%
     |
     |============================ | 40%
     |
     |============================== | 43%
     |
     |================================ | 45%
     |
     |================================= | 48%
     |
     |=================================== | 50%
     |
     |===================================== | 52%
     |
     |====================================== | 55%
     |
     |======================================== | 57%
     |
     |========================================== | 60%
     |
     |=========================================== | 62%
     |
     |============================================= | 64%
     |
     |=============================================== | 67%
     |
     |================================================ | 69%
     |
     |================================================== | 71%
     |
     |==================================================== | 74%
     |
     |===================================================== | 76%
     |
     |======================================================= | 79%
     |
     |========================================================= | 81%
     |
     |========================================================== | 83%
     |
     |============================================================ | 86%
     |
     |============================================================== | 88%
     |
     |=============================================================== | 90%
     |
     |================================================================= | 93%
     |
     |=================================================================== | 95%
     |
     |==================================================================== | 98%
     |
     |======================================================================| 100%
     |
     | | 0%
     |
     |== | 2%
     |
     |=== | 5%
     |
     |===== | 7%
     |
     |======= | 10%
     |
     |======== | 12%
     |
     |========== | 14%
     |
     |============ | 17%
     |
     |============= | 19%
     |
     |=============== | 21%
     |
     |================= | 24%
     |
     |================== | 26%
     |
     |==================== | 29%
     |
     |====================== | 31%
     |
     |======================= | 33%
     |
     |========================= | 36%
     |
     |=========================== | 38%
     |
     |============================ | 40%
     |
     |============================== | 43%
     |
     |================================ | 45%
     |
     |================================= | 48%
     |
     |=================================== | 50%
     |
     |===================================== | 52%
     |
     |====================================== | 55%
     |
     |======================================== | 57%
     |
     |========================================== | 60%
     |
     |=========================================== | 62%
     |
     |============================================= | 64%
     |
     |=============================================== | 67%
     |
     |================================================ | 69%
     |
     |================================================== | 71%
     |
     |==================================================== | 74%
     |
     |===================================================== | 76%
     |
     |======================================================= | 79%
     |
     |========================================================= | 81%
     |
     |========================================================== | 83%
     |
     |============================================================ | 86%
     |
     |============================================================== | 88%
     |
     |=============================================================== | 90%
     |
     |================================================================= | 93%
     |
     |=================================================================== | 95%
     |
     |==================================================================== | 98%
     |
     |======================================================================| 100%── 3. Error: st_crs2, input WKT (@test-st_crs2.R#64) ──────────────────────────
     crs not found: is it missing?
     Backtrace:
     1. sen2r:::expect_equal_crs(st_crs2(wkt_32n_path), 32609)
     7. sf:::st_transform.sfc(ref_vec, crs1)
     9. sf:::CPL_transform(x, crs, aoi, pipeline, reverse)
    
     ══ testthat results ═══════════════════════════════════════════════════════════
     [ OK: 237 | SKIPPED: 18 | WARNINGS: 2 | FAILED: 3 ]
     1. Failure: Test longlat (@test-projpar.R#8)
     2. Failure: Test longlat (@test-projpar.R#9)
     3. Error: st_crs2, input WKT (@test-st_crs2.R#64)
    
     Error: testthat unit tests failed
     In addition: Warning messages:
     1: In normalizePath(path, ...) :
     path[1]="/data/gannet/ripley/.sen2r": No such file or directory
     2: In normalizePath(path, ...) :
     path[1]="/data/gannet/ripley/.sen2r": No such file or directory
     Execution halted
Flavor: r-devel-linux-x86_64-fedora-clang

Version: 1.3.8
Check: tests
Result: ERROR
     Running ‘spelling.R’
     Running ‘testthat.R’ [88s/223s]
    Running the tests in ‘tests/testthat.R’ failed.
    Complete output:
     > library(testthat)
     > library(sen2r)
     Welcome to sen2r. To use the package from a GUI, launch
     > sen2r()
     Documentation: http://sen2r.ranghetti.info
     Help and bug report: https://github.com/ranghetti/sen2r/issues
     >
     > test_check("sen2r")
     Tests are run with SciHub user "user".
     ── 1. Failure: Test longlat (@test-projpar.R#8) ───────────────────────────────
     projname(crs_totest) %in% c("WGS 84", "unknown") isn't true.
    
     ── 2. Failure: Test longlat (@test-projpar.R#9) ───────────────────────────────
     projpar(crs_totest, "geogcs") %in% c("WGS 84", "unknown") isn't true.
    
    
     |
     | | 0%
     |
     |======================= | 33%
     |
     |=============================================== | 67%
     |
     |======================================================================| 100%
     |
     | | 0%
     |
     |======================= | 33%
     |
     |=============================================== | 67%
     |
     |======================================================================| 100%
     |
     | | 0%
     |
     |========== | 14%
     |
     |==================== | 29%
     |
     |============================== | 43%
     |
     |======================================== | 57%
     |
     |================================================== | 71%
     |
     |============================================================ | 86%
     |
     |======================================================================| 100%trying to read file: /tmp/Rtmpe7YKJe/working_dir/RtmpseDhnB/out_test7_806ef9c7ac15/BOA/S2A2A_20190723_022_Barbellino_BOA_10.tif
    
     |
     | | 0%
     |
     |== | 2%
     |
     |=== | 5%
     |
     |===== | 7%
     |
     |======= | 10%
     |
     |======== | 12%
     |
     |========== | 14%
     |
     |============ | 17%
     |
     |============= | 19%
     |
     |=============== | 21%
     |
     |================= | 24%
     |
     |================== | 26%
     |
     |==================== | 29%
     |
     |====================== | 31%
     |
     |======================= | 33%
     |
     |========================= | 36%
     |
     |=========================== | 38%
     |
     |============================ | 40%
     |
     |============================== | 43%
     |
     |================================ | 45%
     |
     |================================= | 48%
     |
     |=================================== | 50%
     |
     |===================================== | 52%
     |
     |====================================== | 55%
     |
     |======================================== | 57%
     |
     |========================================== | 60%
     |
     |=========================================== | 62%
     |
     |============================================= | 64%
     |
     |=============================================== | 67%
     |
     |================================================ | 69%
     |
     |================================================== | 71%
     |
     |==================================================== | 74%
     |
     |===================================================== | 76%
     |
     |======================================================= | 79%
     |
     |========================================================= | 81%
     |
     |========================================================== | 83%
     |
     |============================================================ | 86%
     |
     |============================================================== | 88%
     |
     |=============================================================== | 90%
     |
     |================================================================= | 93%
     |
     |=================================================================== | 95%
     |
     |==================================================================== | 98%
     |
     |======================================================================| 100%
     |
     | | 0%
     |
     |== | 2%
     |
     |=== | 5%
     |
     |===== | 7%
     |
     |======= | 10%
     |
     |======== | 12%
     |
     |========== | 14%
     |
     |============ | 17%
     |
     |============= | 19%
     |
     |=============== | 21%
     |
     |================= | 24%
     |
     |================== | 26%
     |
     |==================== | 29%
     |
     |====================== | 31%
     |
     |======================= | 33%
     |
     |========================= | 36%
     |
     |=========================== | 38%
     |
     |============================ | 40%
     |
     |============================== | 43%
     |
     |================================ | 45%
     |
     |================================= | 48%
     |
     |=================================== | 50%
     |
     |===================================== | 52%
     |
     |====================================== | 55%
     |
     |======================================== | 57%
     |
     |========================================== | 60%
     |
     |=========================================== | 62%
     |
     |============================================= | 64%
     |
     |=============================================== | 67%
     |
     |================================================ | 69%
     |
     |================================================== | 71%
     |
     |==================================================== | 74%
     |
     |===================================================== | 76%
     |
     |======================================================= | 79%
     |
     |========================================================= | 81%
     |
     |========================================================== | 83%
     |
     |============================================================ | 86%
     |
     |============================================================== | 88%
     |
     |=============================================================== | 90%
     |
     |================================================================= | 93%
     |
     |=================================================================== | 95%
     |
     |==================================================================== | 98%
     |
     |======================================================================| 100%
     |
     | | 0%
     |
     |== | 2%
     |
     |=== | 5%
     |
     |===== | 7%
     |
     |======= | 10%
     |
     |======== | 12%
     |
     |========== | 14%
     |
     |============ | 17%
     |
     |============= | 19%
     |
     |=============== | 21%
     |
     |================= | 24%
     |
     |================== | 26%
     |
     |==================== | 29%
     |
     |====================== | 31%
     |
     |======================= | 33%
     |
     |========================= | 36%
     |
     |=========================== | 38%
     |
     |============================ | 40%
     |
     |============================== | 43%
     |
     |================================ | 45%
     |
     |================================= | 48%
     |
     |=================================== | 50%
     |
     |===================================== | 52%
     |
     |====================================== | 55%
     |
     |======================================== | 57%
     |
     |========================================== | 60%
     |
     |=========================================== | 62%
     |
     |============================================= | 64%
     |
     |=============================================== | 67%
     |
     |================================================ | 69%
     |
     |================================================== | 71%
     |
     |==================================================== | 74%
     |
     |===================================================== | 76%
     |
     |======================================================= | 79%
     |
     |========================================================= | 81%
     |
     |========================================================== | 83%
     |
     |============================================================ | 86%
     |
     |============================================================== | 88%
     |
     |=============================================================== | 90%
     |
     |================================================================= | 93%
     |
     |=================================================================== | 95%
     |
     |==================================================================== | 98%
     |
     |======================================================================| 100%
     |
     | | 0%
     |
     |== | 2%
     |
     |=== | 5%
     |
     |===== | 7%
     |
     |======= | 10%
     |
     |======== | 12%
     |
     |========== | 14%
     |
     |============ | 17%
     |
     |============= | 19%
     |
     |=============== | 21%
     |
     |================= | 24%
     |
     |================== | 26%
     |
     |==================== | 29%
     |
     |====================== | 31%
     |
     |======================= | 33%
     |
     |========================= | 36%
     |
     |=========================== | 38%
     |
     |============================ | 40%
     |
     |============================== | 43%
     |
     |================================ | 45%
     |
     |================================= | 48%
     |
     |=================================== | 50%
     |
     |===================================== | 52%
     |
     |====================================== | 55%
     |
     |======================================== | 57%
     |
     |========================================== | 60%
     |
     |=========================================== | 62%
     |
     |============================================= | 64%
     |
     |=============================================== | 67%
     |
     |================================================ | 69%
     |
     |================================================== | 71%
     |
     |==================================================== | 74%
     |
     |===================================================== | 76%
     |
     |======================================================= | 79%
     |
     |========================================================= | 81%
     |
     |========================================================== | 83%
     |
     |============================================================ | 86%
     |
     |============================================================== | 88%
     |
     |=============================================================== | 90%
     |
     |================================================================= | 93%
     |
     |=================================================================== | 95%
     |
     |==================================================================== | 98%
     |
     |======================================================================| 100%── 3. Error: st_crs2, input WKT (@test-st_crs2.R#64) ──────────────────────────
     crs not found: is it missing?
     Backtrace:
     1. sen2r:::expect_equal_crs(st_crs2(wkt_32n_path), 32609)
     7. sf:::st_transform.sfc(ref_vec, crs1)
     9. sf:::CPL_transform(x, crs, aoi, pipeline, reverse)
    
     ══ testthat results ═══════════════════════════════════════════════════════════
     [ OK: 237 | SKIPPED: 18 | WARNINGS: 2 | FAILED: 3 ]
     1. Failure: Test longlat (@test-projpar.R#8)
     2. Failure: Test longlat (@test-projpar.R#9)
     3. Error: st_crs2, input WKT (@test-st_crs2.R#64)
    
     Error: testthat unit tests failed
     In addition: Warning messages:
     1: In normalizePath(path, ...) :
     path[1]="/data/gannet/ripley/.sen2r": No such file or directory
     2: In normalizePath(path, ...) :
     path[1]="/data/gannet/ripley/.sen2r": No such file or directory
     Execution halted
Flavor: r-devel-linux-x86_64-fedora-gcc

Version: 1.3.8
Check: tests
Result: ERROR
     Running 'spelling.R' [0s]
     Running 'testthat.R' [82s]
    Running the tests in 'tests/testthat.R' failed.
    Complete output:
     > library(testthat)
     > library(sen2r)
     Welcome to sen2r. To use the package from a GUI, launch
     > sen2r()
     Documentation: http://sen2r.ranghetti.info
     Help and bug report: https://github.com/ranghetti/sen2r/issues
     >
     > test_check("sen2r")
     Tests are run with SciHub user "user".
     -- 1. Failure: Test longlat (@test-projpar.R#8) -------------------------------
     projname(crs_totest) %in% c("WGS 84", "unknown") isn't true.
    
     -- 2. Failure: Test longlat (@test-projpar.R#9) -------------------------------
     projpar(crs_totest, "geogcs") %in% c("WGS 84", "unknown") isn't true.
    
    
     |
     | | 0%
     |
     |======================= | 33%
     |
     |=============================================== | 67%
     |
     |======================================================================| 100%
     |
     | | 0%
     |
     |======================= | 33%
     |
     |=============================================== | 67%
     |
     |======================================================================| 100%
     |
     | | 0%
     |
     |========== | 14%
     |
     |==================== | 29%
     |
     |============================== | 43%
     |
     |======================================== | 57%
     |
     |================================================== | 71%
     |
     |============================================================ | 86%
     |
     |======================================================================| 100%trying to read file: D:\temp\Rtmp8q2ypO\out_test7_32e6466b94b79\BOA\S2A2A_20190723_022_Barbellino_BOA_10.tif
    
     |
     | | 0%
     |
     |== | 2%
     |
     |=== | 5%
     |
     |===== | 7%
     |
     |======= | 10%
     |
     |======== | 12%
     |
     |========== | 14%
     |
     |============ | 17%
     |
     |============= | 19%
     |
     |=============== | 21%
     |
     |================= | 24%
     |
     |================== | 26%
     |
     |==================== | 29%
     |
     |====================== | 31%
     |
     |======================= | 33%
     |
     |========================= | 36%
     |
     |=========================== | 38%
     |
     |============================ | 40%
     |
     |============================== | 43%
     |
     |================================ | 45%
     |
     |================================= | 48%
     |
     |=================================== | 50%
     |
     |===================================== | 52%
     |
     |====================================== | 55%
     |
     |======================================== | 57%
     |
     |========================================== | 60%
     |
     |=========================================== | 62%
     |
     |============================================= | 64%
     |
     |=============================================== | 67%
     |
     |================================================ | 69%
     |
     |================================================== | 71%
     |
     |==================================================== | 74%
     |
     |===================================================== | 76%
     |
     |======================================================= | 79%
     |
     |========================================================= | 81%
     |
     |========================================================== | 83%
     |
     |============================================================ | 86%
     |
     |============================================================== | 88%
     |
     |=============================================================== | 90%
     |
     |================================================================= | 93%
     |
     |=================================================================== | 95%
     |
     |==================================================================== | 98%
     |
     |======================================================================| 100%
     |
     | | 0%
     |
     |== | 2%
     |
     |=== | 5%
     |
     |===== | 7%
     |
     |======= | 10%
     |
     |======== | 12%
     |
     |========== | 14%
     |
     |============ | 17%
     |
     |============= | 19%
     |
     |=============== | 21%
     |
     |================= | 24%
     |
     |================== | 26%
     |
     |==================== | 29%
     |
     |====================== | 31%
     |
     |======================= | 33%
     |
     |========================= | 36%
     |
     |=========================== | 38%
     |
     |============================ | 40%
     |
     |============================== | 43%
     |
     |================================ | 45%
     |
     |================================= | 48%
     |
     |=================================== | 50%
     |
     |===================================== | 52%
     |
     |====================================== | 55%
     |
     |======================================== | 57%
     |
     |========================================== | 60%
     |
     |=========================================== | 62%
     |
     |============================================= | 64%
     |
     |=============================================== | 67%
     |
     |================================================ | 69%
     |
     |================================================== | 71%
     |
     |==================================================== | 74%
     |
     |===================================================== | 76%
     |
     |======================================================= | 79%
     |
     |========================================================= | 81%
     |
     |========================================================== | 83%
     |
     |============================================================ | 86%
     |
     |============================================================== | 88%
     |
     |=============================================================== | 90%
     |
     |================================================================= | 93%
     |
     |=================================================================== | 95%
     |
     |==================================================================== | 98%
     |
     |======================================================================| 100%
     |
     | | 0%
     |
     |== | 2%
     |
     |=== | 5%
     |
     |===== | 7%
     |
     |======= | 10%
     |
     |======== | 12%
     |
     |========== | 14%
     |
     |============ | 17%
     |
     |============= | 19%
     |
     |=============== | 21%
     |
     |================= | 24%
     |
     |================== | 26%
     |
     |==================== | 29%
     |
     |====================== | 31%
     |
     |======================= | 33%
     |
     |========================= | 36%
     |
     |=========================== | 38%
     |
     |============================ | 40%
     |
     |============================== | 43%
     |
     |================================ | 45%
     |
     |================================= | 48%
     |
     |=================================== | 50%
     |
     |===================================== | 52%
     |
     |====================================== | 55%
     |
     |======================================== | 57%
     |
     |========================================== | 60%
     |
     |=========================================== | 62%
     |
     |============================================= | 64%
     |
     |=============================================== | 67%
     |
     |================================================ | 69%
     |
     |================================================== | 71%
     |
     |==================================================== | 74%
     |
     |===================================================== | 76%
     |
     |======================================================= | 79%
     |
     |========================================================= | 81%
     |
     |========================================================== | 83%
     |
     |============================================================ | 86%
     |
     |============================================================== | 88%
     |
     |=============================================================== | 90%
     |
     |================================================================= | 93%
     |
     |=================================================================== | 95%
     |
     |==================================================================== | 98%
     |
     |======================================================================| 100%
     |
     | | 0%
     |
     |== | 2%
     |
     |=== | 5%
     |
     |===== | 7%
     |
     |======= | 10%
     |
     |======== | 12%
     |
     |========== | 14%
     |
     |============ | 17%
     |
     |============= | 19%
     |
     |=============== | 21%
     |
     |================= | 24%
     |
     |================== | 26%
     |
     |==================== | 29%
     |
     |====================== | 31%
     |
     |======================= | 33%
     |
     |========================= | 36%
     |
     |=========================== | 38%
     |
     |============================ | 40%
     |
     |============================== | 43%
     |
     |================================ | 45%
     |
     |================================= | 48%
     |
     |=================================== | 50%
     |
     |===================================== | 52%
     |
     |====================================== | 55%
     |
     |======================================== | 57%
     |
     |========================================== | 60%
     |
     |=========================================== | 62%
     |
     |============================================= | 64%
     |
     |=============================================== | 67%
     |
     |================================================ | 69%
     |
     |================================================== | 71%
     |
     |==================================================== | 74%
     |
     |===================================================== | 76%
     |
     |======================================================= | 79%
     |
     |========================================================= | 81%
     |
     |========================================================== | 83%
     |
     |============================================================ | 86%
     |
     |============================================================== | 88%
     |
     |=============================================================== | 90%
     |
     |================================================================= | 93%
     |
     |=================================================================== | 95%
     |
     |==================================================================== | 98%
     |
     |======================================================================| 100%-- 3. Error: st_crs2, input WKT (@test-st_crs2.R#64) --------------------------
     crs not found: is it missing?
     Backtrace:
     1. sen2r:::expect_equal_crs(st_crs2(wkt_32n_path), 32609)
     7. sf:::st_transform.sfc(ref_vec, crs1)
     9. sf:::CPL_transform(x, crs, aoi, pipeline, reverse)
    
     == testthat results ===========================================================
     [ OK: 237 | SKIPPED: 18 | WARNINGS: 2 | FAILED: 3 ]
     1. Failure: Test longlat (@test-projpar.R#8)
     2. Failure: Test longlat (@test-projpar.R#9)
     3. Error: st_crs2, input WKT (@test-st_crs2.R#64)
    
     Error: testthat unit tests failed
     In addition: Warning messages:
     1: In normalizePath(path.expand(path), winslash, mustWork) :
     path[1]="C:\Users\CRAN\Documents/.sen2r": Das System kann die angegebene Datei nicht finden
     2: In normalizePath(path.expand(path), winslash, mustWork) :
     path[1]="C:\Users\CRAN\Documents/.sen2r": Das System kann die angegebene Datei nicht finden
     Execution halted
Flavor: r-devel-windows-ix86+x86_64

Version: 1.3.8
Check: tests
Result: ERROR
     Running ‘spelling.R’ [0s/1s]
     Running ‘testthat.R’ [69s/76s]
    Running the tests in ‘tests/testthat.R’ failed.
    Complete output:
     > library(testthat)
     > library(sen2r)
     Welcome to sen2r. To use the package from a GUI, launch
     > sen2r()
     Documentation: http://sen2r.ranghetti.info
     Help and bug report: https://github.com/ranghetti/sen2r/issues
     >
     > test_check("sen2r")
     Tests are run with SciHub user "user".
     ── 1. Failure: Test longlat (@test-projpar.R#8) ───────────────────────────────
     projname(crs_totest) %in% c("WGS 84", "unknown") isn't true.
    
     ── 2. Failure: Test longlat (@test-projpar.R#9) ───────────────────────────────
     projpar(crs_totest, "geogcs") %in% c("WGS 84", "unknown") isn't true.
    
    
     |
     | | 0%
     |
     |======================= | 33%
     |
     |=============================================== | 67%
     |
     |======================================================================| 100%
     |
     | | 0%
     |
     |======================= | 33%
     |
     |=============================================== | 67%
     |
     |======================================================================| 100%
     |
     | | 0%
     |
     |========== | 14%
     |
     |==================== | 29%
     |
     |============================== | 43%
     |
     |======================================== | 57%
     |
     |================================================== | 71%
     |
     |============================================================ | 86%
     |
     |======================================================================| 100%trying to read file: /tmp/RtmpcVgIgG/out_test7_126a33770787/BOA/S2A2A_20190723_022_Barbellino_BOA_10.tif
    
     |
     | | 0%
     |
     |== | 2%
     |
     |=== | 5%
     |
     |===== | 7%
     |
     |======= | 10%
     |
     |======== | 12%
     |
     |========== | 14%
     |
     |============ | 17%
     |
     |============= | 19%
     |
     |=============== | 21%
     |
     |================= | 24%
     |
     |================== | 26%
     |
     |==================== | 29%
     |
     |====================== | 31%
     |
     |======================= | 33%
     |
     |========================= | 36%
     |
     |=========================== | 38%
     |
     |============================ | 40%
     |
     |============================== | 43%
     |
     |================================ | 45%
     |
     |================================= | 48%
     |
     |=================================== | 50%
     |
     |===================================== | 52%
     |
     |====================================== | 55%
     |
     |======================================== | 57%
     |
     |========================================== | 60%
     |
     |=========================================== | 62%
     |
     |============================================= | 64%
     |
     |=============================================== | 67%
     |
     |================================================ | 69%
     |
     |================================================== | 71%
     |
     |==================================================== | 74%
     |
     |===================================================== | 76%
     |
     |======================================================= | 79%
     |
     |========================================================= | 81%
     |
     |========================================================== | 83%
     |
     |============================================================ | 86%
     |
     |============================================================== | 88%
     |
     |=============================================================== | 90%
     |
     |================================================================= | 93%
     |
     |=================================================================== | 95%
     |
     |==================================================================== | 98%
     |
     |======================================================================| 100%
     |
     | | 0%
     |
     |== | 2%
     |
     |=== | 5%
     |
     |===== | 7%
     |
     |======= | 10%
     |
     |======== | 12%
     |
     |========== | 14%
     |
     |============ | 17%
     |
     |============= | 19%
     |
     |=============== | 21%
     |
     |================= | 24%
     |
     |================== | 26%
     |
     |==================== | 29%
     |
     |====================== | 31%
     |
     |======================= | 33%
     |
     |========================= | 36%
     |
     |=========================== | 38%
     |
     |============================ | 40%
     |
     |============================== | 43%
     |
     |================================ | 45%
     |
     |================================= | 48%
     |
     |=================================== | 50%
     |
     |===================================== | 52%
     |
     |====================================== | 55%
     |
     |======================================== | 57%
     |
     |========================================== | 60%
     |
     |=========================================== | 62%
     |
     |============================================= | 64%
     |
     |=============================================== | 67%
     |
     |================================================ | 69%
     |
     |================================================== | 71%
     |
     |==================================================== | 74%
     |
     |===================================================== | 76%
     |
     |======================================================= | 79%
     |
     |========================================================= | 81%
     |
     |========================================================== | 83%
     |
     |============================================================ | 86%
     |
     |============================================================== | 88%
     |
     |=============================================================== | 90%
     |
     |================================================================= | 93%
     |
     |=================================================================== | 95%
     |
     |==================================================================== | 98%
     |
     |======================================================================| 100%
     |
     | | 0%
     |
     |== | 2%
     |
     |=== | 5%
     |
     |===== | 7%
     |
     |======= | 10%
     |
     |======== | 12%
     |
     |========== | 14%
     |
     |============ | 17%
     |
     |============= | 19%
     |
     |=============== | 21%
     |
     |================= | 24%
     |
     |================== | 26%
     |
     |==================== | 29%
     |
     |====================== | 31%
     |
     |======================= | 33%
     |
     |========================= | 36%
     |
     |=========================== | 38%
     |
     |============================ | 40%
     |
     |============================== | 43%
     |
     |================================ | 45%
     |
     |================================= | 48%
     |
     |=================================== | 50%
     |
     |===================================== | 52%
     |
     |====================================== | 55%
     |
     |======================================== | 57%
     |
     |========================================== | 60%
     |
     |=========================================== | 62%
     |
     |============================================= | 64%
     |
     |=============================================== | 67%
     |
     |================================================ | 69%
     |
     |================================================== | 71%
     |
     |==================================================== | 74%
     |
     |===================================================== | 76%
     |
     |======================================================= | 79%
     |
     |========================================================= | 81%
     |
     |========================================================== | 83%
     |
     |============================================================ | 86%
     |
     |============================================================== | 88%
     |
     |=============================================================== | 90%
     |
     |================================================================= | 93%
     |
     |=================================================================== | 95%
     |
     |==================================================================== | 98%
     |
     |======================================================================| 100%
     |
     | | 0%
     |
     |== | 2%
     |
     |=== | 5%
     |
     |===== | 7%
     |
     |======= | 10%
     |
     |======== | 12%
     |
     |========== | 14%
     |
     |============ | 17%
     |
     |============= | 19%
     |
     |=============== | 21%
     |
     |================= | 24%
     |
     |================== | 26%
     |
     |==================== | 29%
     |
     |====================== | 31%
     |
     |======================= | 33%
     |
     |========================= | 36%
     |
     |=========================== | 38%
     |
     |============================ | 40%
     |
     |============================== | 43%
     |
     |================================ | 45%
     |
     |================================= | 48%
     |
     |=================================== | 50%
     |
     |===================================== | 52%
     |
     |====================================== | 55%
     |
     |======================================== | 57%
     |
     |========================================== | 60%
     |
     |=========================================== | 62%
     |
     |============================================= | 64%
     |
     |=============================================== | 67%
     |
     |================================================ | 69%
     |
     |================================================== | 71%
     |
     |==================================================== | 74%
     |
     |===================================================== | 76%
     |
     |======================================================= | 79%
     |
     |========================================================= | 81%
     |
     |========================================================== | 83%
     |
     |============================================================ | 86%
     |
     |============================================================== | 88%
     |
     |=============================================================== | 90%
     |
     |================================================================= | 93%
     |
     |=================================================================== | 95%
     |
     |==================================================================== | 98%
     |
     |======================================================================| 100%── 3. Error: st_crs2, input WKT (@test-st_crs2.R#64) ──────────────────────────
     crs not found: is it missing?
     Backtrace:
     1. sen2r:::expect_equal_crs(st_crs2(wkt_32n_path), 32609)
     7. sf:::st_transform.sfc(ref_vec, crs1)
     9. sf:::CPL_transform(x, crs, aoi, pipeline, reverse)
    
     ══ testthat results ═══════════════════════════════════════════════════════════
     [ OK: 237 | SKIPPED: 18 | WARNINGS: 2 | FAILED: 3 ]
     1. Failure: Test longlat (@test-projpar.R#8)
     2. Failure: Test longlat (@test-projpar.R#9)
     3. Error: st_crs2, input WKT (@test-st_crs2.R#64)
    
     Error: testthat unit tests failed
     In addition: Warning messages:
     1: In normalizePath(path, ...) :
     path[1]="/home/hornik/.sen2r": No such file or directory
     2: In normalizePath(path, ...) :
     path[1]="/home/hornik/.sen2r": No such file or directory
     Execution halted
Flavor: r-patched-linux-x86_64

Version: 1.3.8
Check: examples
Result: ERROR
    Running examples in ‘sen2r-Ex.R’ failed
    The error most likely occurred in:
    
    > ### Name: read_scihub_login
    > ### Title: Import / export / check SciHub username and password
    > ### Aliases: read_scihub_login check_scihub_login check_scihub_connection
    > ### write_scihub_login
    >
    > ### ** Examples
    >
    > check_scihub_login("user", "user")
    Error in curl::curl_fetch_memory(url, handle = handle): SSL certificate problem: certificate has expired
    Request failed [ERROR]. Retrying in 1 seconds...
    Error in curl::curl_fetch_memory(url, handle = handle): SSL certificate problem: certificate has expired
    Request failed [ERROR]. Retrying in 1.5 seconds...
    Error in curl::curl_fetch_memory(url, handle = handle) :
     SSL certificate problem: certificate has expired
    Calls: check_scihub_login -> RETRY
    Execution halted
Flavor: r-patched-solaris-x86

Version: 1.3.8
Check: tests
Result: ERROR
     Running ‘spelling.R’
     Running ‘testthat.R’ [12s/30s]
    Running the tests in ‘tests/testthat.R’ failed.
    Complete output:
     > library(testthat)
     > library(sen2r)
     Welcome to sen2r. To use the package from a GUI, launch
     > sen2r()
     Documentation: http://sen2r.ranghetti.info
     Help and bug report: https://github.com/ranghetti/sen2r/issues
     >
     > test_check("sen2r")
     Error in curl::curl_fetch_memory(url, handle = handle): SSL certificate problem: certificate has expired
     Request failed [ERROR]. Retrying in 1 seconds...
     Error in curl::curl_fetch_memory(url, handle = handle): SSL certificate problem: certificate has expired
     Request failed [ERROR]. Retrying in 1.6 seconds...
     Error in curl::curl_fetch_memory(url, handle = handle) :
     SSL certificate problem: certificate has expired
     Calls: test_check ... eval -> write_scihub_login -> check_scihub_login -> RETRY
     In addition: Warning messages:
     1: In normalizePath(path, ...) :
     path[1]="/home/ripley/.sen2r": No such file or directory
     2: In normalizePath(path, ...) :
     path[1]="/home/ripley/.sen2r": No such file or directory
     Execution halted
Flavor: r-patched-solaris-x86

Version: 1.3.8
Check: tests
Result: ERROR
     Running ‘spelling.R’ [0s/0s]
     Running ‘testthat.R’ [69s/76s]
    Running the tests in ‘tests/testthat.R’ failed.
    Complete output:
     > library(testthat)
     > library(sen2r)
     Welcome to sen2r. To use the package from a GUI, launch
     > sen2r()
     Documentation: http://sen2r.ranghetti.info
     Help and bug report: https://github.com/ranghetti/sen2r/issues
     >
     > test_check("sen2r")
     Tests are run with SciHub user "user".
     ── 1. Failure: Test longlat (@test-projpar.R#8) ───────────────────────────────
     projname(crs_totest) %in% c("WGS 84", "unknown") isn't true.
    
     ── 2. Failure: Test longlat (@test-projpar.R#9) ───────────────────────────────
     projpar(crs_totest, "geogcs") %in% c("WGS 84", "unknown") isn't true.
    
    
     |
     | | 0%
     |
     |======================= | 33%
     |
     |=============================================== | 67%
     |
     |======================================================================| 100%
     |
     | | 0%
     |
     |======================= | 33%
     |
     |=============================================== | 67%
     |
     |======================================================================| 100%
     |
     | | 0%
     |
     |========== | 14%
     |
     |==================== | 29%
     |
     |============================== | 43%
     |
     |======================================== | 57%
     |
     |================================================== | 71%
     |
     |============================================================ | 86%
     |
     |======================================================================| 100%trying to read file: /tmp/Rtmpx7vcoP/out_test7_1c65362888ee/BOA/S2A2A_20190723_022_Barbellino_BOA_10.tif
    
     |
     | | 0%
     |
     |== | 2%
     |
     |=== | 5%
     |
     |===== | 7%
     |
     |======= | 10%
     |
     |======== | 12%
     |
     |========== | 14%
     |
     |============ | 17%
     |
     |============= | 19%
     |
     |=============== | 21%
     |
     |================= | 24%
     |
     |================== | 26%
     |
     |==================== | 29%
     |
     |====================== | 31%
     |
     |======================= | 33%
     |
     |========================= | 36%
     |
     |=========================== | 38%
     |
     |============================ | 40%
     |
     |============================== | 43%
     |
     |================================ | 45%
     |
     |================================= | 48%
     |
     |=================================== | 50%
     |
     |===================================== | 52%
     |
     |====================================== | 55%
     |
     |======================================== | 57%
     |
     |========================================== | 60%
     |
     |=========================================== | 62%
     |
     |============================================= | 64%
     |
     |=============================================== | 67%
     |
     |================================================ | 69%
     |
     |================================================== | 71%
     |
     |==================================================== | 74%
     |
     |===================================================== | 76%
     |
     |======================================================= | 79%
     |
     |========================================================= | 81%
     |
     |========================================================== | 83%
     |
     |============================================================ | 86%
     |
     |============================================================== | 88%
     |
     |=============================================================== | 90%
     |
     |================================================================= | 93%
     |
     |=================================================================== | 95%
     |
     |==================================================================== | 98%
     |
     |======================================================================| 100%
     |
     | | 0%
     |
     |== | 2%
     |
     |=== | 5%
     |
     |===== | 7%
     |
     |======= | 10%
     |
     |======== | 12%
     |
     |========== | 14%
     |
     |============ | 17%
     |
     |============= | 19%
     |
     |=============== | 21%
     |
     |================= | 24%
     |
     |================== | 26%
     |
     |==================== | 29%
     |
     |====================== | 31%
     |
     |======================= | 33%
     |
     |========================= | 36%
     |
     |=========================== | 38%
     |
     |============================ | 40%
     |
     |============================== | 43%
     |
     |================================ | 45%
     |
     |================================= | 48%
     |
     |=================================== | 50%
     |
     |===================================== | 52%
     |
     |====================================== | 55%
     |
     |======================================== | 57%
     |
     |========================================== | 60%
     |
     |=========================================== | 62%
     |
     |============================================= | 64%
     |
     |=============================================== | 67%
     |
     |================================================ | 69%
     |
     |================================================== | 71%
     |
     |==================================================== | 74%
     |
     |===================================================== | 76%
     |
     |======================================================= | 79%
     |
     |========================================================= | 81%
     |
     |========================================================== | 83%
     |
     |============================================================ | 86%
     |
     |============================================================== | 88%
     |
     |=============================================================== | 90%
     |
     |================================================================= | 93%
     |
     |=================================================================== | 95%
     |
     |==================================================================== | 98%
     |
     |======================================================================| 100%
     |
     | | 0%
     |
     |== | 2%
     |
     |=== | 5%
     |
     |===== | 7%
     |
     |======= | 10%
     |
     |======== | 12%
     |
     |========== | 14%
     |
     |============ | 17%
     |
     |============= | 19%
     |
     |=============== | 21%
     |
     |================= | 24%
     |
     |================== | 26%
     |
     |==================== | 29%
     |
     |====================== | 31%
     |
     |======================= | 33%
     |
     |========================= | 36%
     |
     |=========================== | 38%
     |
     |============================ | 40%
     |
     |============================== | 43%
     |
     |================================ | 45%
     |
     |================================= | 48%
     |
     |=================================== | 50%
     |
     |===================================== | 52%
     |
     |====================================== | 55%
     |
     |======================================== | 57%
     |
     |========================================== | 60%
     |
     |=========================================== | 62%
     |
     |============================================= | 64%
     |
     |=============================================== | 67%
     |
     |================================================ | 69%
     |
     |================================================== | 71%
     |
     |==================================================== | 74%
     |
     |===================================================== | 76%
     |
     |======================================================= | 79%
     |
     |========================================================= | 81%
     |
     |========================================================== | 83%
     |
     |============================================================ | 86%
     |
     |============================================================== | 88%
     |
     |=============================================================== | 90%
     |
     |================================================================= | 93%
     |
     |=================================================================== | 95%
     |
     |==================================================================== | 98%
     |
     |======================================================================| 100%
     |
     | | 0%
     |
     |== | 2%
     |
     |=== | 5%
     |
     |===== | 7%
     |
     |======= | 10%
     |
     |======== | 12%
     |
     |========== | 14%
     |
     |============ | 17%
     |
     |============= | 19%
     |
     |=============== | 21%
     |
     |================= | 24%
     |
     |================== | 26%
     |
     |==================== | 29%
     |
     |====================== | 31%
     |
     |======================= | 33%
     |
     |========================= | 36%
     |
     |=========================== | 38%
     |
     |============================ | 40%
     |
     |============================== | 43%
     |
     |================================ | 45%
     |
     |================================= | 48%
     |
     |=================================== | 50%
     |
     |===================================== | 52%
     |
     |====================================== | 55%
     |
     |======================================== | 57%
     |
     |========================================== | 60%
     |
     |=========================================== | 62%
     |
     |============================================= | 64%
     |
     |=============================================== | 67%
     |
     |================================================ | 69%
     |
     |================================================== | 71%
     |
     |==================================================== | 74%
     |
     |===================================================== | 76%
     |
     |======================================================= | 79%
     |
     |========================================================= | 81%
     |
     |========================================================== | 83%
     |
     |============================================================ | 86%
     |
     |============================================================== | 88%
     |
     |=============================================================== | 90%
     |
     |================================================================= | 93%
     |
     |=================================================================== | 95%
     |
     |==================================================================== | 98%
     |
     |======================================================================| 100%── 3. Error: st_crs2, input WKT (@test-st_crs2.R#64) ──────────────────────────
     crs not found: is it missing?
     Backtrace:
     1. sen2r:::expect_equal_crs(st_crs2(wkt_32n_path), 32609)
     7. sf:::st_transform.sfc(ref_vec, crs1)
     9. sf:::CPL_transform(x, crs, aoi, pipeline, reverse)
    
     ══ testthat results ═══════════════════════════════════════════════════════════
     [ OK: 237 | SKIPPED: 18 | WARNINGS: 2 | FAILED: 3 ]
     1. Failure: Test longlat (@test-projpar.R#8)
     2. Failure: Test longlat (@test-projpar.R#9)
     3. Error: st_crs2, input WKT (@test-st_crs2.R#64)
    
     Error: testthat unit tests failed
     In addition: Warning messages:
     1: In normalizePath(path, ...) :
     path[1]="/home/hornik/.sen2r": No such file or directory
     2: In normalizePath(path, ...) :
     path[1]="/home/hornik/.sen2r": No such file or directory
     Execution halted
Flavor: r-release-linux-x86_64

Version: 1.3.8
Check: tests
Result: ERROR
     Running 'spelling.R' [0s]
     Running 'testthat.R' [75s]
    Running the tests in 'tests/testthat.R' failed.
    Complete output:
     > library(testthat)
     > library(sen2r)
     Welcome to sen2r. To use the package from a GUI, launch
     > sen2r()
     Documentation: http://sen2r.ranghetti.info
     Help and bug report: https://github.com/ranghetti/sen2r/issues
     >
     > test_check("sen2r")
     Tests are run with SciHub user "user".
     -- 1. Failure: Test longlat (@test-projpar.R#8) -------------------------------
     projname(crs_totest) %in% c("WGS 84", "unknown") isn't true.
    
     -- 2. Failure: Test longlat (@test-projpar.R#9) -------------------------------
     projpar(crs_totest, "geogcs") %in% c("WGS 84", "unknown") isn't true.
    
    
     |
     | | 0%
     |
     |======================= | 33%
     |
     |=============================================== | 67%
     |
     |======================================================================| 100%
     |
     | | 0%
     |
     |======================= | 33%
     |
     |=============================================== | 67%
     |
     |======================================================================| 100%
     |
     | | 0%
     |
     |========== | 14%
     |
     |==================== | 29%
     |
     |============================== | 43%
     |
     |======================================== | 57%
     |
     |================================================== | 71%
     |
     |============================================================ | 86%
     |
     |======================================================================| 100%trying to read file: D:\temp\Rtmpw5y1de\out_test7_3164c7a1f1fca\BOA\S2A2A_20190723_022_Barbellino_BOA_10.tif
    
     |
     | | 0%
     |
     |== | 2%
     |
     |=== | 5%
     |
     |===== | 7%
     |
     |======= | 10%
     |
     |======== | 12%
     |
     |========== | 14%
     |
     |============ | 17%
     |
     |============= | 19%
     |
     |=============== | 21%
     |
     |================= | 24%
     |
     |================== | 26%
     |
     |==================== | 29%
     |
     |====================== | 31%
     |
     |======================= | 33%
     |
     |========================= | 36%
     |
     |=========================== | 38%
     |
     |============================ | 40%
     |
     |============================== | 43%
     |
     |================================ | 45%
     |
     |================================= | 48%
     |
     |=================================== | 50%
     |
     |===================================== | 52%
     |
     |====================================== | 55%
     |
     |======================================== | 57%
     |
     |========================================== | 60%
     |
     |=========================================== | 62%
     |
     |============================================= | 64%
     |
     |=============================================== | 67%
     |
     |================================================ | 69%
     |
     |================================================== | 71%
     |
     |==================================================== | 74%
     |
     |===================================================== | 76%
     |
     |======================================================= | 79%
     |
     |========================================================= | 81%
     |
     |========================================================== | 83%
     |
     |============================================================ | 86%
     |
     |============================================================== | 88%
     |
     |=============================================================== | 90%
     |
     |================================================================= | 93%
     |
     |=================================================================== | 95%
     |
     |==================================================================== | 98%
     |
     |======================================================================| 100%
     |
     | | 0%
     |
     |== | 2%
     |
     |=== | 5%
     |
     |===== | 7%
     |
     |======= | 10%
     |
     |======== | 12%
     |
     |========== | 14%
     |
     |============ | 17%
     |
     |============= | 19%
     |
     |=============== | 21%
     |
     |================= | 24%
     |
     |================== | 26%
     |
     |==================== | 29%
     |
     |====================== | 31%
     |
     |======================= | 33%
     |
     |========================= | 36%
     |
     |=========================== | 38%
     |
     |============================ | 40%
     |
     |============================== | 43%
     |
     |================================ | 45%
     |
     |================================= | 48%
     |
     |=================================== | 50%
     |
     |===================================== | 52%
     |
     |====================================== | 55%
     |
     |======================================== | 57%
     |
     |========================================== | 60%
     |
     |=========================================== | 62%
     |
     |============================================= | 64%
     |
     |=============================================== | 67%
     |
     |================================================ | 69%
     |
     |================================================== | 71%
     |
     |==================================================== | 74%
     |
     |===================================================== | 76%
     |
     |======================================================= | 79%
     |
     |========================================================= | 81%
     |
     |========================================================== | 83%
     |
     |============================================================ | 86%
     |
     |============================================================== | 88%
     |
     |=============================================================== | 90%
     |
     |================================================================= | 93%
     |
     |=================================================================== | 95%
     |
     |==================================================================== | 98%
     |
     |======================================================================| 100%
     |
     | | 0%
     |
     |== | 2%
     |
     |=== | 5%
     |
     |===== | 7%
     |
     |======= | 10%
     |
     |======== | 12%
     |
     |========== | 14%
     |
     |============ | 17%
     |
     |============= | 19%
     |
     |=============== | 21%
     |
     |================= | 24%
     |
     |================== | 26%
     |
     |==================== | 29%
     |
     |====================== | 31%
     |
     |======================= | 33%
     |
     |========================= | 36%
     |
     |=========================== | 38%
     |
     |============================ | 40%
     |
     |============================== | 43%
     |
     |================================ | 45%
     |
     |================================= | 48%
     |
     |=================================== | 50%
     |
     |===================================== | 52%
     |
     |====================================== | 55%
     |
     |======================================== | 57%
     |
     |========================================== | 60%
     |
     |=========================================== | 62%
     |
     |============================================= | 64%
     |
     |=============================================== | 67%
     |
     |================================================ | 69%
     |
     |================================================== | 71%
     |
     |==================================================== | 74%
     |
     |===================================================== | 76%
     |
     |======================================================= | 79%
     |
     |========================================================= | 81%
     |
     |========================================================== | 83%
     |
     |============================================================ | 86%
     |
     |============================================================== | 88%
     |
     |=============================================================== | 90%
     |
     |================================================================= | 93%
     |
     |=================================================================== | 95%
     |
     |==================================================================== | 98%
     |
     |======================================================================| 100%
     |
     | | 0%
     |
     |== | 2%
     |
     |=== | 5%
     |
     |===== | 7%
     |
     |======= | 10%
     |
     |======== | 12%
     |
     |========== | 14%
     |
     |============ | 17%
     |
     |============= | 19%
     |
     |=============== | 21%
     |
     |================= | 24%
     |
     |================== | 26%
     |
     |==================== | 29%
     |
     |====================== | 31%
     |
     |======================= | 33%
     |
     |========================= | 36%
     |
     |=========================== | 38%
     |
     |============================ | 40%
     |
     |============================== | 43%
     |
     |================================ | 45%
     |
     |================================= | 48%
     |
     |=================================== | 50%
     |
     |===================================== | 52%
     |
     |====================================== | 55%
     |
     |======================================== | 57%
     |
     |========================================== | 60%
     |
     |=========================================== | 62%
     |
     |============================================= | 64%
     |
     |=============================================== | 67%
     |
     |================================================ | 69%
     |
     |================================================== | 71%
     |
     |==================================================== | 74%
     |
     |===================================================== | 76%
     |
     |======================================================= | 79%
     |
     |========================================================= | 81%
     |
     |========================================================== | 83%
     |
     |============================================================ | 86%
     |
     |============================================================== | 88%
     |
     |=============================================================== | 90%
     |
     |================================================================= | 93%
     |
     |=================================================================== | 95%
     |
     |==================================================================== | 98%
     |
     |======================================================================| 100%-- 3. Error: st_crs2, input WKT (@test-st_crs2.R#64) --------------------------
     crs not found: is it missing?
     Backtrace:
     1. sen2r:::expect_equal_crs(st_crs2(wkt_32n_path), 32609)
     7. sf:::st_transform.sfc(ref_vec, crs1)
     9. sf:::CPL_transform(x, crs, aoi, pipeline, reverse)
    
     == testthat results ===========================================================
     [ OK: 237 | SKIPPED: 18 | WARNINGS: 2 | FAILED: 3 ]
     1. Failure: Test longlat (@test-projpar.R#8)
     2. Failure: Test longlat (@test-projpar.R#9)
     3. Error: st_crs2, input WKT (@test-st_crs2.R#64)
    
     Error: testthat unit tests failed
     In addition: Warning messages:
     1: In normalizePath(path.expand(path), winslash, mustWork) :
     path[1]="C:\Users\CRAN\Documents/.sen2r": Das System kann die angegebene Datei nicht finden
     2: In normalizePath(path.expand(path), winslash, mustWork) :
     path[1]="C:\Users\CRAN\Documents/.sen2r": Das System kann die angegebene Datei nicht finden
     Execution halted
Flavor: r-release-windows-ix86+x86_64