CRAN Package Check Results for Package sglOptim

Last updated on 2020-10-11 01:47:32 CEST.

Flavor Version Tinstall Tcheck Ttotal Status Flags
r-devel-linux-x86_64-debian-clang 1.3.8 86.12 74.99 161.11 OK
r-devel-linux-x86_64-debian-gcc 1.3.8 55.61 59.33 114.94 OK
r-devel-linux-x86_64-fedora-clang 1.3.8 232.77 NOTE
r-devel-linux-x86_64-fedora-gcc 1.3.8 189.95 OK
r-devel-windows-ix86+x86_64 1.3.8 142.00 114.00 256.00 OK
r-patched-linux-x86_64 1.3.8 63.18 72.36 135.54 OK
r-patched-solaris-x86 1.3.8 200.80 OK
r-release-linux-x86_64 1.3.8 65.03 72.36 137.39 OK
r-release-macos-x86_64 1.3.8 NOTE
r-release-windows-ix86+x86_64 1.3.8 112.00 148.00 260.00 OK
r-oldrel-macos-x86_64 1.3.8 NOTE
r-oldrel-windows-ix86+x86_64 1.3.8 139.00 106.00 245.00 OK

Check Details

Version: 1.3.8
Check: installed package size
Result: NOTE
     installed size is 11.7Mb
     sub-directories of 1Mb or more:
     libs 10.3Mb
Flavors: r-devel-linux-x86_64-fedora-clang, r-release-macos-x86_64, r-oldrel-macos-x86_64