CRAN Package Check Results for Package simplevis

Last updated on 2020-10-11 01:47:33 CEST.

Flavor Version Tinstall Tcheck Ttotal Status Flags
r-devel-linux-x86_64-debian-clang 2.0.0 16.76 192.94 209.70 OK
r-devel-linux-x86_64-debian-gcc 2.0.0 13.29 145.23 158.52 OK
r-devel-linux-x86_64-fedora-clang 2.0.0 257.41 NOTE
r-devel-linux-x86_64-fedora-gcc 2.0.0 262.75 NOTE
r-devel-windows-ix86+x86_64 2.0.0 33.00 247.00 280.00 OK
r-patched-linux-x86_64 2.0.0 15.16 179.16 194.32 OK
r-patched-solaris-x86 2.0.0 322.90 WARN
r-release-linux-x86_64 2.0.0 16.50 180.30 196.80 OK
r-release-macos-x86_64 2.0.0 WARN
r-release-windows-ix86+x86_64 2.0.0 26.00 227.00 253.00 OK
r-oldrel-macos-x86_64 2.0.0 WARN
r-oldrel-windows-ix86+x86_64 2.0.0 30.00 185.00 215.00 OK

Check Details

Version: 2.0.0
Check: package dependencies
Result: NOTE
    Imports includes 26 non-default packages.
    Importing from so many packages makes the package vulnerable to any of
    them becoming unavailable. Move as many as possible to Suggests and
    use conditionally.
Flavor: r-devel-linux-x86_64-fedora-clang

Version: 2.0.0
Check: dependencies in R code
Result: NOTE
    Namespaces in Imports field not imported from:
     ‘DT’ ‘jsonlite’ ‘readr’ ‘rmarkdown’ ‘shinycssloaders’
     All declared Imports should be used.
Flavors: r-devel-linux-x86_64-fedora-clang, r-devel-linux-x86_64-fedora-gcc, r-patched-solaris-x86, r-release-macos-x86_64, r-oldrel-macos-x86_64

Version: 2.0.0
Check: re-building of vignette outputs
Result: WARN
    Error(s) in re-building vignettes:
     ...
    --- re-building ‘simplevis.Rmd’ using rmarkdown
    Warning in engine$weave(file, quiet = quiet, encoding = enc) :
     Pandoc (>= 1.12.3) and/or pandoc-citeproc not available. Falling back to R Markdown v1.
    
    Attaching package: 'dplyr'
    
    The following objects are masked from 'package:stats':
    
     filter, lag
    
    The following objects are masked from 'package:base':
    
     intersect, setdiff, setequal, union
    
    `summarise()` ungrouping output (override with `.groups` argument)
    `summarise()` regrouping output by 'cut' (override with `.groups` argument)
    `summarise()` regrouping output by 'cut' (override with `.groups` argument)
    `summarise()` regrouping output by 'cut', 'clarity' (override with `.groups` argument)
    Quitting from lines 216-225 (simplevis.Rmd)
    Error: processing vignette 'simplevis.Rmd' failed with diagnostics:
    there is no package called 'webshot'
    --- failed re-building ‘simplevis.Rmd’
    
    SUMMARY: processing the following file failed:
     ‘simplevis.Rmd’
    
    Error: Vignette re-building failed.
    Execution halted
Flavor: r-patched-solaris-x86

Version: 2.0.0
Check: re-building of vignette outputs
Result: WARN
    Error(s) in re-building vignettes:
    --- re-building ‘simplevis.Rmd’ using rmarkdown
    Warning in engine$weave(file, quiet = quiet, encoding = enc) :
     Pandoc (>= 1.12.3) and/or pandoc-citeproc not available. Falling back to R Markdown v1.
    
    Attaching package: 'dplyr'
    
    The following objects are masked from 'package:stats':
    
     filter, lag
    
    The following objects are masked from 'package:base':
    
     intersect, setdiff, setequal, union
    
    `summarise()` ungrouping output (override with `.groups` argument)
    `summarise()` regrouping output by 'cut' (override with `.groups` argument)
    `summarise()` regrouping output by 'cut' (override with `.groups` argument)
    `summarise()` regrouping output by 'cut', 'clarity' (override with `.groups` argument)
    Quitting from lines 216-225 (simplevis.Rmd)
    Error: processing vignette 'simplevis.Rmd' failed with diagnostics:
    cannot open the connection
    --- failed re-building ‘simplevis.Rmd’
    
    SUMMARY: processing the following file failed:
     ‘simplevis.Rmd’
    
    Error: Vignette re-building failed.
    Execution halted
Flavors: r-release-macos-x86_64, r-oldrel-macos-x86_64