CRAN Package Check Results for Package simsalapar

Last updated on 2020-10-11 01:47:33 CEST.

Flavor Version Tinstall Tcheck Ttotal Status Flags
r-devel-linux-x86_64-debian-clang 1.0-10 5.69 40.39 46.08 NOTE --no-tests
r-devel-linux-x86_64-debian-gcc 1.0-10 5.21 31.71 36.92 NOTE --no-tests
r-devel-linux-x86_64-fedora-clang 1.0-10 113.52 NOTE
r-devel-linux-x86_64-fedora-gcc 1.0-10 108.94 NOTE
r-devel-windows-ix86+x86_64 1.0-10 13.00 109.00 122.00 OK
r-patched-linux-x86_64 1.0-10 7.11 38.52 45.63 NOTE --no-tests
r-patched-solaris-x86 1.0-10 298.60 NOTE
r-release-linux-x86_64 1.0-10 5.35 38.74 44.09 NOTE --no-tests
r-release-macos-x86_64 1.0-10 NOTE
r-release-windows-ix86+x86_64 1.0-10 11.00 134.00 145.00 OK
r-oldrel-macos-x86_64 1.0-10 NOTE
r-oldrel-windows-ix86+x86_64 1.0-10 10.00 86.00 96.00 OK

Check Details

Version: 1.0-10
Flags: --no-tests
Check: for non-standard things in the check directory
Result: NOTE
    Found the following files/directories:
     'crop_device.pdf'
Flavors: r-devel-linux-x86_64-debian-clang, r-devel-linux-x86_64-debian-gcc, r-patched-linux-x86_64, r-release-linux-x86_64

Version: 1.0-10
Check: for non-standard things in the check directory
Result: NOTE
    Found the following files/directories:
     ‘crop_device.pdf’
Flavors: r-devel-linux-x86_64-fedora-clang, r-devel-linux-x86_64-fedora-gcc, r-patched-solaris-x86

Version: 1.0-10
Check: package dependencies
Result: NOTE
    Package suggested but not available for checking: ‘Rmpi’
Flavors: r-release-macos-x86_64, r-oldrel-macos-x86_64

Version: 1.0-10
Check: Rd cross-references
Result: NOTE
    Package unavailable to check Rd xrefs: ‘Rmpi’
Flavors: r-release-macos-x86_64, r-oldrel-macos-x86_64