CRAN Package Check Results for Package sirus

Last updated on 2020-10-11 01:47:33 CEST.

Flavor Version Tinstall Tcheck Ttotal Status Flags
r-devel-linux-x86_64-debian-clang 0.2.1 94.22 114.78 209.00 OK
r-devel-linux-x86_64-debian-gcc 0.2.1 78.27 87.16 165.43 OK
r-devel-linux-x86_64-fedora-clang 0.2.1 295.95 NOTE
r-devel-linux-x86_64-fedora-gcc 0.2.1 277.34 OK
r-devel-windows-ix86+x86_64 0.2.1 220.00 165.00 385.00 OK
r-patched-linux-x86_64 0.2.1 88.20 106.51 194.71 OK
r-patched-solaris-x86 0.2.1 332.20 OK
r-release-linux-x86_64 0.2.1 93.67 106.25 199.92 OK
r-release-macos-x86_64 0.2.1 NOTE
r-release-windows-ix86+x86_64 0.2.1 170.00 217.00 387.00 OK
r-oldrel-macos-x86_64 0.2.1 NOTE
r-oldrel-windows-ix86+x86_64 0.2.1 214.00 141.00 355.00 OK

Check Details

Version: 0.2.1
Check: installed package size
Result: NOTE
     installed size is 9.0Mb
     sub-directories of 1Mb or more:
     libs 8.8Mb
Flavors: r-devel-linux-x86_64-fedora-clang, r-release-macos-x86_64, r-oldrel-macos-x86_64