CRAN Package Check Results for Package sjPlot

Last updated on 2020-10-11 01:47:33 CEST.

Flavor Version Tinstall Tcheck Ttotal Status Flags
r-devel-linux-x86_64-debian-clang 2.8.5 24.83 486.40 511.23 OK
r-devel-linux-x86_64-debian-gcc 2.8.5 21.61 360.43 382.04 OK
r-devel-linux-x86_64-fedora-clang 2.8.5 586.22 NOTE
r-devel-linux-x86_64-fedora-gcc 2.8.5 415.24 OK
r-devel-windows-ix86+x86_64 2.8.5 52.00 547.00 599.00 OK
r-patched-linux-x86_64 2.8.5 24.61 456.61 481.22 OK
r-patched-solaris-x86 2.8.5 693.90 OK
r-release-linux-x86_64 2.8.5 25.09 460.36 485.45 OK
r-release-macos-x86_64 2.8.5 OK
r-release-windows-ix86+x86_64 2.8.5 35.00 504.00 539.00 OK
r-oldrel-macos-x86_64 2.8.5 OK
r-oldrel-windows-ix86+x86_64 2.8.5 46.00 395.00 441.00 OK

Check Details

Version: 2.8.5
Check: Rd cross-references
Result: NOTE
    Undeclared packages ‘tidyselect’, ‘RColorBrewer’, ‘modelr’, ‘snakecase’ in Rd xrefs
Flavor: r-devel-linux-x86_64-fedora-clang