CRAN Package Check Results for Package smoof

Last updated on 2020-10-11 01:47:33 CEST.

Flavor Version Tinstall Tcheck Ttotal Status Flags
r-devel-linux-x86_64-debian-clang 1.6.0.2 85.70 104.05 189.75 NOTE
r-devel-linux-x86_64-debian-gcc 1.6.0.2 66.29 77.74 144.03 NOTE
r-devel-linux-x86_64-fedora-clang 1.6.0.2 253.87 NOTE
r-devel-linux-x86_64-fedora-gcc 1.6.0.2 253.41 NOTE
r-devel-windows-ix86+x86_64 1.6.0.2 214.00 144.00 358.00 NOTE
r-patched-linux-x86_64 1.6.0.2 80.91 96.47 177.38 NOTE
r-patched-solaris-x86 1.6.0.2 262.40 NOTE
r-release-linux-x86_64 1.6.0.2 80.37 97.12 177.49 NOTE
r-release-macos-x86_64 1.6.0.2 NOTE
r-release-windows-ix86+x86_64 1.6.0.2 148.00 179.00 327.00 NOTE
r-oldrel-macos-x86_64 1.6.0.2 OK
r-oldrel-windows-ix86+x86_64 1.6.0.2 178.00 122.00 300.00 NOTE

Check Details

Version: 1.6.0.2
Check: package dependencies
Result: NOTE
    Package suggested but not available for checking: 'rPython'
Flavors: r-devel-linux-x86_64-debian-clang, r-devel-linux-x86_64-debian-gcc, r-devel-linux-x86_64-fedora-clang, r-devel-linux-x86_64-fedora-gcc, r-devel-windows-ix86+x86_64, r-patched-linux-x86_64, r-patched-solaris-x86, r-release-linux-x86_64, r-release-macos-x86_64, r-release-windows-ix86+x86_64, r-oldrel-windows-ix86+x86_64