Last updated on 2020-10-11 01:47:33 CEST.
Flavor | Version | Tinstall | Tcheck | Ttotal | Status | Flags |
---|---|---|---|---|---|---|
r-devel-linux-x86_64-debian-clang | 2.6.0 | 167.11 | 572.97 | 740.08 | OK | |
r-devel-linux-x86_64-debian-gcc | 2.6.0 | 133.48 | 445.64 | 579.12 | OK | |
r-devel-linux-x86_64-fedora-clang | 2.6.0 | 938.51 | NOTE | |||
r-devel-linux-x86_64-fedora-gcc | 2.6.0 | 942.31 | OK | |||
r-devel-windows-ix86+x86_64 | 2.6.0 | 363.00 | 472.00 | 835.00 | NOTE | --no-vignettes |
r-patched-linux-x86_64 | 2.6.0 | 160.26 | 549.40 | 709.66 | OK | |
r-patched-solaris-x86 | 2.6.0 | 1001.20 | NOTE | |||
r-release-linux-x86_64 | 2.6.0 | 153.20 | 554.99 | 708.19 | OK | |
r-release-macos-x86_64 | 2.6.0 | NOTE | ||||
r-release-windows-ix86+x86_64 | 2.6.0 | 260.00 | 585.00 | 845.00 | NOTE | --no-vignettes |
r-oldrel-macos-x86_64 | 2.6.0 | NOTE | ||||
r-oldrel-windows-ix86+x86_64 | 2.6.0 | 320.00 | 525.00 | 845.00 | NOTE | --no-vignettes |
Version: 2.6.0
Check: installed package size
Result: NOTE
installed size is 15.3Mb
sub-directories of 1Mb or more:
doc 2.5Mb
libs 11.5Mb
Flavors: r-devel-linux-x86_64-fedora-clang, r-patched-solaris-x86, r-release-macos-x86_64, r-oldrel-macos-x86_64
Version: 2.6.0
Flags: --no-vignettes
Check: installed package size
Result: NOTE
installed size is 6.9Mb
sub-directories of 1Mb or more:
doc 2.5Mb
libs 3.1Mb
Flavors: r-devel-windows-ix86+x86_64, r-release-windows-ix86+x86_64, r-oldrel-windows-ix86+x86_64