Last updated on 2020-10-11 01:47:33 CEST.
Flavor | Version | Tinstall | Tcheck | Ttotal | Status | Flags |
---|---|---|---|---|---|---|
r-devel-linux-x86_64-debian-clang | 1.1.2 | 9.21 | 58.17 | 67.38 | OK | |
r-devel-linux-x86_64-debian-gcc | 1.1.2 | 7.05 | 46.25 | 53.30 | OK | |
r-devel-linux-x86_64-fedora-clang | 1.1.2 | 99.76 | OK | |||
r-devel-linux-x86_64-fedora-gcc | 1.1.2 | 92.10 | OK | |||
r-devel-windows-ix86+x86_64 | 1.1.2 | 13.00 | 59.00 | 72.00 | OK | |
r-patched-linux-x86_64 | 1.1.2 | 9.73 | 57.07 | 66.80 | OK | |
r-patched-solaris-x86 | 1.1.2 | 112.20 | OK | |||
r-release-linux-x86_64 | 1.1.2 | 9.15 | 58.00 | 67.15 | OK | |
r-release-macos-x86_64 | 1.1.2 | ERROR | ||||
r-release-windows-ix86+x86_64 | 1.1.2 | 11.00 | 76.00 | 87.00 | OK | |
r-oldrel-macos-x86_64 | 1.1.2 | ERROR | ||||
r-oldrel-windows-ix86+x86_64 | 1.1.2 | 12.00 | 51.00 | 63.00 | OK |
Version: 1.1.2
Check: package dependencies
Result: ERROR
Package required but not available: ‘rpanel’
See section ‘The DESCRIPTION file’ in the ‘Writing R Extensions’
manual.
Flavors: r-release-macos-x86_64, r-oldrel-macos-x86_64