Last updated on 2020-10-11 01:47:33 CEST.
Flavor | Version | Tinstall | Tcheck | Ttotal | Status | Flags |
---|---|---|---|---|---|---|
r-devel-linux-x86_64-debian-clang | 0.11.0 | 2.81 | 35.92 | 38.73 | OK | |
r-devel-linux-x86_64-debian-gcc | 0.11.0 | 2.33 | 28.45 | 30.78 | OK | |
r-devel-linux-x86_64-fedora-clang | 0.11.0 | 59.44 | OK | |||
r-devel-linux-x86_64-fedora-gcc | 0.11.0 | 52.04 | OK | |||
r-devel-windows-ix86+x86_64 | 0.11.0 | 6.00 | 49.00 | 55.00 | OK | |
r-patched-linux-x86_64 | 0.11.0 | 3.00 | 35.38 | 38.38 | OK | |
r-patched-solaris-x86 | 0.11.0 | 93.80 | OK | |||
r-release-linux-x86_64 | 0.11.0 | 3.08 | 36.27 | 39.35 | OK | |
r-release-macos-x86_64 | 0.11.0 | OK | ||||
r-release-windows-ix86+x86_64 | 0.11.0 | 5.00 | 63.00 | 68.00 | WARN | |
r-oldrel-macos-x86_64 | 0.11.0 | OK | ||||
r-oldrel-windows-ix86+x86_64 | 0.11.0 | 5.00 | 45.00 | 50.00 | OK |
Version: 0.11.0
Check: R files for syntax errors
Result: WARN
Warnings in file 'R/replace_special_characters_internal.R':
unable to translate '<U+00C4>' to native encoding
unable to translate '<U+00D6>' to native encoding
unable to translate '<U+00DC>' to native encoding
unable to translate '<U+00E4>' to native encoding
unable to translate '<U+00F6>' to native encoding
unable to translate '<U+00FC>' to native encoding
unable to translate '<U+00DF>' to native encoding
unable to translate '<U+00C6>' to native encoding
unable to translate '<U+00E6>' to native encoding
unable to translate '<U+00D8>' to native encoding
unable to translate '<U+00F8>' to native encoding
unable to translate '<U+00C5>' to native encoding
unable to translate '<U+00E5>' to native encoding
unable to translate '<U+00C6>' to native encoding
unable to translate '<U+00E6>' to native encoding
unable to translate '<U+00D8>' to native encoding
unable to translate '<U+00F8>' to native encoding
unable to translate '<U+00C6>' to native encoding
unable to translate '<U+00E6>' to native encoding
unable to translate '<U+00D8>' to native encoding
unable to translate '<U+00F8>' to native encoding
unable to translate '<U+00C5>' to native encoding
unable to translate '<U+00E5>' to native encoding
Flavor: r-release-windows-ix86+x86_64