CRAN Package Check Results for Package sommer

Last updated on 2020-10-11 01:47:33 CEST.

Flavor Version Tinstall Tcheck Ttotal Status Flags
r-devel-linux-x86_64-debian-clang 4.1.1 79.29 1049.42 1128.71 WARN
r-devel-linux-x86_64-debian-gcc 4.1.1 60.29 908.80 969.09 WARN
r-devel-linux-x86_64-fedora-clang 4.1.1 1400.78 NOTE
r-devel-linux-x86_64-fedora-gcc 4.1.1 1245.63 OK
r-devel-windows-ix86+x86_64 4.1.1 156.00 192.00 348.00 NOTE --no-vignettes
r-patched-linux-x86_64 4.1.1 71.98 1000.00 1071.98 WARN
r-patched-solaris-x86 4.1.1 2663.60 WARN
r-release-linux-x86_64 4.1.1 74.89 1005.44 1080.33 WARN
r-release-macos-x86_64 4.1.1 NOTE
r-release-windows-ix86+x86_64 4.1.1 121.00 235.00 356.00 NOTE --no-vignettes
r-oldrel-macos-x86_64 4.1.1 FAIL
r-oldrel-windows-ix86+x86_64 4.1.1 136.00 161.00 297.00 NOTE --no-vignettes

Check Details

Version: 4.1.1
Check: re-building of vignette outputs
Result: WARN
    Error(s) in re-building vignettes:
     ...
    --- re-building 'v1.sommer.quick.start.Rmd' using rmarkdown
    --- finished re-building 'v1.sommer.quick.start.Rmd'
    
    --- re-building 'v2.sommer.changes.and.faqs.Rmd' using rmarkdown
    --- finished re-building 'v2.sommer.changes.and.faqs.Rmd'
    
    --- re-building 'v3.sommer.qg.Rmd' using rmarkdown
    Killed
    --- re-building 'v4.sommer.gxe.Rmd' using rmarkdown
    --- finished re-building 'v4.sommer.gxe.Rmd'
    
    SUMMARY: processing the following file failed:
     'v3.sommer.qg.Rmd'
    
    Error: Vignette re-building failed.
    Execution halted
Flavors: r-devel-linux-x86_64-debian-clang, r-devel-linux-x86_64-debian-gcc, r-patched-linux-x86_64, r-release-linux-x86_64

Version: 4.1.1
Check: installed package size
Result: NOTE
     installed size is 10.9Mb
     sub-directories of 1Mb or more:
     data 1.4Mb
     doc 2.0Mb
     libs 6.6Mb
Flavors: r-devel-linux-x86_64-fedora-clang, r-patched-solaris-x86, r-release-macos-x86_64, r-oldrel-macos-x86_64

Version: 4.1.1
Flags: --no-vignettes
Check: installed package size
Result: NOTE
     installed size is 7.0Mb
     sub-directories of 1Mb or more:
     data 1.4Mb
     doc 1.9Mb
     libs 2.8Mb
Flavors: r-devel-windows-ix86+x86_64, r-release-windows-ix86+x86_64, r-oldrel-windows-ix86+x86_64

Version: 4.1.1
Check: re-building of vignette outputs
Result: WARN
    Error(s) in re-building vignettes:
     ...
    --- re-building ‘v1.sommer.quick.start.Rmd’ using rmarkdown
    Warning in engine$weave(file, quiet = quiet, encoding = enc) :
     Pandoc (>= 1.12.3) and/or pandoc-citeproc not available. Falling back to R Markdown v1.
    --- finished re-building ‘v1.sommer.quick.start.Rmd’
    
    --- re-building ‘v2.sommer.changes.and.faqs.Rmd’ using rmarkdown
    Warning in engine$weave(file, quiet = quiet, encoding = enc) :
     Pandoc (>= 1.12.3) and/or pandoc-citeproc not available. Falling back to R Markdown v1.
    --- finished re-building ‘v2.sommer.changes.and.faqs.Rmd’
    
    Cpu Limit Exceeded - core dumped
    --- re-building ‘v3.sommer.qg.Rmd’ using rmarkdown
    Warning in engine$weave(file, quiet = quiet, encoding = enc) :
     Pandoc (>= 1.12.3) and/or pandoc-citeproc not available. Falling back to R Markdown v1.
    --- re-building ‘v4.sommer.gxe.Rmd’ using rmarkdown
    Warning in engine$weave(file, quiet = quiet, encoding = enc) :
     Pandoc (>= 1.12.3) and/or pandoc-citeproc not available. Falling back to R Markdown v1.
    --- finished re-building ‘v4.sommer.gxe.Rmd’
    
    SUMMARY: processing the following file failed:
     ‘v3.sommer.qg.Rmd’
    
    Error: Vignette re-building failed.
    Execution halted
Flavor: r-patched-solaris-x86

Version: 4.1.1
Check: re-building of vignette outputs
Result: FAIL
Flavor: r-oldrel-macos-x86_64