CRAN Package Check Results for Package spBayesSurv

Last updated on 2020-10-11 01:47:33 CEST.

Flavor Version Tinstall Tcheck Ttotal Status Flags
r-devel-linux-x86_64-debian-clang 1.1.4 502.17 84.64 586.81 OK
r-devel-linux-x86_64-debian-gcc 1.1.4 410.29 64.33 474.62 OK
r-devel-linux-x86_64-fedora-clang 1.1.4 860.02 NOTE
r-devel-linux-x86_64-fedora-gcc 1.1.4 871.29 NOTE
r-devel-windows-ix86+x86_64 1.1.4 1123.00 149.00 1272.00 NOTE
r-patched-linux-x86_64 1.1.4 483.06 80.29 563.35 OK
r-patched-solaris-x86 1.1.4 617.60 NOTE
r-release-linux-x86_64 1.1.4 482.14 82.03 564.17 OK
r-release-macos-x86_64 1.1.4 NOTE
r-release-windows-ix86+x86_64 1.1.4 839.00 166.00 1005.00 NOTE
r-oldrel-macos-x86_64 1.1.4 NOTE
r-oldrel-windows-ix86+x86_64 1.1.4 1004.00 141.00 1145.00 NOTE

Check Details

Version: 1.1.4
Check: installed package size
Result: NOTE
     installed size is 35.5Mb
     sub-directories of 1Mb or more:
     libs 34.7Mb
Flavors: r-devel-linux-x86_64-fedora-clang, r-devel-windows-ix86+x86_64, r-release-macos-x86_64, r-release-windows-ix86+x86_64, r-oldrel-macos-x86_64, r-oldrel-windows-ix86+x86_64

Version: 1.1.4
Check: dependencies in R code
Result: NOTE
    Namespace in Imports field not imported from: ‘MASS’
     All declared Imports should be used.
Flavors: r-devel-linux-x86_64-fedora-clang, r-devel-linux-x86_64-fedora-gcc, r-patched-solaris-x86, r-release-macos-x86_64, r-oldrel-macos-x86_64