Last updated on 2020-10-11 01:47:33 CEST.
Flavor | Version | Tinstall | Tcheck | Ttotal | Status | Flags |
---|---|---|---|---|---|---|
r-devel-linux-x86_64-debian-clang | 1.0 | 11.88 | 96.40 | 108.28 | OK | |
r-devel-linux-x86_64-debian-gcc | 1.0 | 10.90 | 73.37 | 84.27 | OK | |
r-devel-linux-x86_64-fedora-clang | 1.0 | 128.42 | NOTE | |||
r-devel-linux-x86_64-fedora-gcc | 1.0 | 119.28 | NOTE | |||
r-devel-windows-ix86+x86_64 | 1.0 | 28.00 | 123.00 | 151.00 | NOTE | |
r-patched-linux-x86_64 | 1.0 | 12.13 | 89.24 | 101.37 | OK | |
r-patched-solaris-x86 | 1.0 | 203.70 | NOTE | |||
r-release-linux-x86_64 | 1.0 | 10.80 | 91.90 | 102.70 | OK | |
r-release-macos-x86_64 | 1.0 | NOTE | ||||
r-oldrel-macos-x86_64 | 1.0 | NOTE |
Version: 1.0
Check: installed package size
Result: NOTE
installed size is 5.9Mb
sub-directories of 1Mb or more:
data 4.3Mb
help 1.6Mb
Flavors: r-devel-linux-x86_64-fedora-clang, r-devel-windows-ix86+x86_64, r-patched-solaris-x86, r-release-macos-x86_64, r-oldrel-macos-x86_64
Version: 1.0
Check: data for non-ASCII characters
Result: NOTE
Note: found 34 marked UTF-8 strings
Flavors: r-devel-linux-x86_64-fedora-clang, r-devel-linux-x86_64-fedora-gcc, r-patched-solaris-x86, r-release-macos-x86_64, r-oldrel-macos-x86_64