Last updated on 2020-10-11 01:47:33 CEST.
Flavor | Version | Tinstall | Tcheck | Ttotal | Status | Flags |
---|---|---|---|---|---|---|
r-devel-linux-x86_64-debian-clang | 2.2-13 | 18.27 | 121.25 | 139.52 | OK | |
r-devel-linux-x86_64-debian-gcc | 2.2-13 | 13.69 | 94.21 | 107.90 | OK | |
r-devel-linux-x86_64-fedora-clang | 2.2-13 | 184.81 | NOTE | |||
r-devel-linux-x86_64-fedora-gcc | 2.2-13 | 172.76 | OK | |||
r-devel-windows-ix86+x86_64 | 2.2-13 | 29.00 | 113.00 | 142.00 | OK | |
r-patched-linux-x86_64 | 2.2-13 | 18.35 | 115.04 | 133.39 | OK | |
r-patched-solaris-x86 | 2.2-13 | 239.10 | OK | |||
r-release-linux-x86_64 | 2.2-13 | 18.12 | 115.37 | 133.49 | OK | |
r-release-macos-x86_64 | 2.2-13 | OK | ||||
r-release-windows-ix86+x86_64 | 2.2-13 | 24.00 | 146.00 | 170.00 | OK | |
r-oldrel-macos-x86_64 | 2.2-13 | OK | ||||
r-oldrel-windows-ix86+x86_64 | 2.2-13 | 26.00 | 99.00 | 125.00 | OK |
Version: 2.2-13
Check: Rd cross-references
Result: NOTE
Undeclared packages ‘splancs’, ‘spatstat.data’ in Rd xrefs
Flavor: r-devel-linux-x86_64-fedora-clang