CRAN Package Check Results for Package spate

Last updated on 2020-10-11 01:47:33 CEST.

Flavor Version Tinstall Tcheck Ttotal Status Flags
r-devel-linux-x86_64-debian-clang 1.7 7.50 72.28 79.78 OK
r-devel-linux-x86_64-debian-gcc 1.7 5.87 53.45 59.32 OK
r-devel-linux-x86_64-fedora-clang 1.7 113.33 NOTE
r-devel-linux-x86_64-fedora-gcc 1.7 102.30 NOTE
r-devel-windows-ix86+x86_64 1.7 14.00 93.00 107.00 OK
r-patched-linux-x86_64 1.7 6.71 69.54 76.25 OK
r-patched-solaris-x86 1.7 135.00 OK
r-release-linux-x86_64 1.7 6.94 70.99 77.93 OK
r-release-macos-x86_64 1.7 OK
r-release-windows-ix86+x86_64 1.7 12.00 116.00 128.00 OK
r-oldrel-macos-x86_64 1.7 OK
r-oldrel-windows-ix86+x86_64 1.7 12.00 105.00 117.00 OK

Check Details

Version: 1.7
Check: compiled code
Result: NOTE
    File ‘spate/libs/spate.so’:
     Found no calls to: ‘R_registerRoutines’, ‘R_useDynamicSymbols’
    
    It is good practice to register native routines and to disable symbol
    search.
    
    See ‘Writing portable packages’ in the ‘Writing R Extensions’ manual.
Flavors: r-devel-linux-x86_64-fedora-clang, r-devel-linux-x86_64-fedora-gcc