CRAN Package Check Results for Package spatialfusion

Last updated on 2020-10-11 01:47:33 CEST.

Flavor Version Tinstall Tcheck Ttotal Status Flags
r-devel-linux-x86_64-debian-clang 0.6-2 22.79 177.68 200.47 NOTE
r-devel-linux-x86_64-debian-gcc 0.6-2 18.50 135.59 154.09 NOTE
r-devel-linux-x86_64-fedora-clang 0.6-2 247.03 OK
r-devel-linux-x86_64-fedora-gcc 0.6-2 253.58 OK
r-devel-windows-ix86+x86_64 0.6-2 55.00 213.00 268.00 OK
r-patched-linux-x86_64 0.6-2 19.55 164.26 183.81 NOTE
r-patched-solaris-x86 0.6-2 363.80 NOTE
r-release-linux-x86_64 0.6-2 21.99 165.19 187.18 NOTE
r-release-macos-x86_64 0.6-2 NOTE
r-release-windows-ix86+x86_64 0.6-2 35.00 191.00 226.00 OK
r-oldrel-macos-x86_64 0.6-2 NOTE
r-oldrel-windows-ix86+x86_64 0.6-2 45.00 145.00 190.00 OK

Check Details

Version: 0.6-2
Check: package dependencies
Result: NOTE
    Package suggested but not available for checking: 'INLA'
Flavors: r-devel-linux-x86_64-debian-clang, r-devel-linux-x86_64-debian-gcc, r-patched-linux-x86_64, r-patched-solaris-x86, r-release-linux-x86_64, r-release-macos-x86_64, r-oldrel-macos-x86_64