Last updated on 2020-10-11 01:47:33 CEST.
Flavor | Version | Tinstall | Tcheck | Ttotal | Status | Flags |
---|---|---|---|---|---|---|
r-devel-linux-x86_64-debian-clang | 1.64-1 | 172.35 | 1051.56 | 1223.91 | OK | --no-tests |
r-devel-linux-x86_64-debian-gcc | 1.64-1 | 146.24 | 793.71 | 939.95 | OK | --no-tests |
r-devel-linux-x86_64-fedora-clang | 1.64-1 | 2110.26 | NOTE | |||
r-devel-linux-x86_64-fedora-gcc | 1.64-1 | 2056.58 | OK | |||
r-devel-windows-ix86+x86_64 | 1.64-1 | 361.00 | 486.00 | 847.00 | NOTE | --no-examples --no-tests --no-vignettes |
r-patched-linux-x86_64 | 1.64-1 | 168.82 | 1021.06 | 1189.88 | OK | --no-tests |
r-patched-solaris-x86 | 1.64-1 | 2416.50 | NOTE | |||
r-release-linux-x86_64 | 1.64-1 | 159.87 | 1013.64 | 1173.51 | OK | --no-tests |
r-release-macos-x86_64 | 1.64-1 | NOTE | ||||
r-release-windows-ix86+x86_64 | 1.64-1 | 279.00 | 613.00 | 892.00 | NOTE | --no-examples --no-tests --no-vignettes |
r-oldrel-macos-x86_64 | 1.64-1 | NOTE | ||||
r-oldrel-windows-ix86+x86_64 | 1.64-1 | 349.00 | 510.00 | 859.00 | NOTE | --no-examples --no-tests --no-vignettes |
Version: 1.64-1
Check: installed package size
Result: NOTE
installed size is 19.9Mb
sub-directories of 1Mb or more:
R 5.3Mb
doc 6.1Mb
help 5.3Mb
libs 2.2Mb
Flavors: r-devel-linux-x86_64-fedora-clang, r-patched-solaris-x86, r-release-macos-x86_64, r-oldrel-macos-x86_64
Version: 1.64-1
Flags: --no-examples --no-tests --no-vignettes
Check: installed package size
Result: NOTE
installed size is 18.9Mb
sub-directories of 1Mb or more:
R 5.3Mb
doc 6.0Mb
help 5.3Mb
libs 1.3Mb
Flavors: r-devel-windows-ix86+x86_64, r-release-windows-ix86+x86_64, r-oldrel-windows-ix86+x86_64
Version: 1.64-1
Check: dependencies in R code
Result: NOTE
No protocol specified
No protocol specified
Flavor: r-oldrel-macos-x86_64