CRAN Package Check Results for Package spectralAnalysis

Last updated on 2020-10-11 01:47:33 CEST.

Flavor Version Tinstall Tcheck Ttotal Status Flags
r-devel-linux-x86_64-debian-clang 3.12.0 17.15 127.94 145.09 OK
r-devel-linux-x86_64-debian-gcc 3.12.0 14.37 94.73 109.10 OK
r-devel-linux-x86_64-fedora-clang 3.12.0 160.71 WARN
r-devel-linux-x86_64-fedora-gcc 3.12.0 154.51 OK
r-devel-windows-ix86+x86_64 3.12.0 40.00 121.00 161.00 OK
r-patched-linux-x86_64 3.12.0 15.86 117.37 133.23 OK
r-patched-solaris-x86 3.12.0 240.80 OK
r-release-linux-x86_64 3.12.0 16.20 118.21 134.41 OK
r-release-macos-x86_64 3.12.0 OK
r-release-windows-ix86+x86_64 3.12.0 25.00 163.00 188.00 OK
r-oldrel-macos-x86_64 3.12.0 OK
r-oldrel-windows-ix86+x86_64 3.12.0 30.00 111.00 141.00 OK

Check Details

Version: 3.12.0
Check: package dependencies
Result: WARN
    Requires (indirectly) orphaned package: ‘bibtex’
Flavor: r-devel-linux-x86_64-fedora-clang