Last updated on 2020-10-11 01:47:33 CEST.
Flavor | Version | Tinstall | Tcheck | Ttotal | Status | Flags |
---|---|---|---|---|---|---|
r-devel-linux-x86_64-debian-clang | 0.1.0 | 3.90 | 33.47 | 37.37 | OK | |
r-devel-linux-x86_64-debian-gcc | 0.1.0 | 3.22 | 26.21 | 29.43 | OK | |
r-devel-linux-x86_64-fedora-clang | 0.1.0 | 58.46 | NOTE | |||
r-devel-linux-x86_64-fedora-gcc | 0.1.0 | 44.97 | NOTE | |||
r-devel-windows-ix86+x86_64 | 0.1.0 | 11.00 | 41.00 | 52.00 | OK | |
r-patched-linux-x86_64 | 0.1.0 | 4.42 | 31.37 | 35.79 | OK | |
r-patched-solaris-x86 | 0.1.0 | 68.20 | NOTE | |||
r-release-linux-x86_64 | 0.1.0 | 3.74 | 31.98 | 35.72 | OK | |
r-release-macos-x86_64 | 0.1.0 | NOTE | ||||
r-release-windows-ix86+x86_64 | 0.1.0 | 7.00 | 59.00 | 66.00 | OK | |
r-oldrel-macos-x86_64 | 0.1.0 | NOTE | ||||
r-oldrel-windows-ix86+x86_64 | 0.1.0 | 9.00 | 36.00 | 45.00 | OK |
Version: 0.1.0
Check: dependencies in R code
Result: NOTE
Namespace in Imports field not imported from: ‘pdftools’
All declared Imports should be used.
Flavors: r-devel-linux-x86_64-fedora-clang, r-devel-linux-x86_64-fedora-gcc, r-patched-solaris-x86, r-release-macos-x86_64, r-oldrel-macos-x86_64