CRAN Package Check Results for Package spinBayes

Last updated on 2020-10-11 01:47:33 CEST.

Flavor Version Tinstall Tcheck Ttotal Status Flags
r-devel-linux-x86_64-debian-clang 0.1.0 130.68 42.26 172.94 OK
r-devel-linux-x86_64-debian-gcc 0.1.0 102.94 31.61 134.55 OK
r-devel-linux-x86_64-fedora-clang 0.1.0 281.22 NOTE
r-devel-linux-x86_64-fedora-gcc 0.1.0 234.34 NOTE
r-devel-windows-ix86+x86_64 0.1.0 281.00 83.00 364.00 OK
r-patched-linux-x86_64 0.1.0 122.04 40.12 162.16 OK
r-patched-solaris-x86 0.1.0 194.50 NOTE
r-release-linux-x86_64 0.1.0 120.96 41.08 162.04 OK
r-release-macos-x86_64 0.1.0 NOTE
r-release-windows-ix86+x86_64 0.1.0 218.00 110.00 328.00 OK
r-oldrel-macos-x86_64 0.1.0 NOTE
r-oldrel-windows-ix86+x86_64 0.1.0 254.00 84.00 338.00 OK

Check Details

Version: 0.1.0
Check: installed package size
Result: NOTE
     installed size is 8.2Mb
     sub-directories of 1Mb or more:
     libs 7.6Mb
Flavors: r-devel-linux-x86_64-fedora-clang, r-release-macos-x86_64, r-oldrel-macos-x86_64

Version: 0.1.0
Check: dependencies in R code
Result: NOTE
    Namespace in Imports field not imported from: ‘MASS’
     All declared Imports should be used.
Flavors: r-devel-linux-x86_64-fedora-clang, r-devel-linux-x86_64-fedora-gcc, r-patched-solaris-x86, r-release-macos-x86_64, r-oldrel-macos-x86_64