Last updated on 2020-10-11 01:47:34 CEST.
Flavor | Version | Tinstall | Tcheck | Ttotal | Status | Flags |
---|---|---|---|---|---|---|
r-devel-linux-x86_64-debian-clang | 0.1.0 | 19.51 | 32.85 | 52.36 | NOTE | |
r-devel-linux-x86_64-debian-gcc | 0.1.0 | 14.57 | 25.77 | 40.34 | NOTE | |
r-devel-linux-x86_64-fedora-clang | 0.1.0 | 82.56 | NOTE | |||
r-devel-linux-x86_64-fedora-gcc | 0.1.0 | 67.01 | NOTE | |||
r-devel-windows-ix86+x86_64 | 0.1.0 | 48.00 | 76.00 | 124.00 | NOTE | |
r-patched-linux-x86_64 | 0.1.0 | 18.81 | 31.28 | 50.09 | NOTE | |
r-patched-solaris-x86 | 0.1.0 | 81.80 | NOTE | |||
r-release-linux-x86_64 | 0.1.0 | 18.99 | 31.74 | 50.73 | NOTE | |
r-release-macos-x86_64 | 0.1.0 | NOTE | ||||
r-release-windows-ix86+x86_64 | 0.1.0 | 36.00 | 69.00 | 105.00 | NOTE | |
r-oldrel-macos-x86_64 | 0.1.0 | NOTE | ||||
r-oldrel-windows-ix86+x86_64 | 0.1.0 | 41.00 | 55.00 | 96.00 | OK |
Version: 0.1.0
Check: package vignettes
Result: NOTE
Package vignette with placeholder title 'Vignette Title':
'spreadr_vignette.Rmd'
Flavors: r-devel-linux-x86_64-debian-clang, r-devel-linux-x86_64-debian-gcc, r-devel-windows-ix86+x86_64, r-patched-linux-x86_64, r-release-linux-x86_64, r-release-windows-ix86+x86_64
Version: 0.1.0
Check: dependencies in R code
Result: NOTE
Namespaces in Imports field not imported from:
‘extrafont’ ‘ggplot2’
All declared Imports should be used.
Flavors: r-devel-linux-x86_64-fedora-clang, r-devel-linux-x86_64-fedora-gcc, r-patched-solaris-x86, r-release-macos-x86_64, r-oldrel-macos-x86_64