Last updated on 2020-10-11 01:47:34 CEST.
Flavor | Version | Tinstall | Tcheck | Ttotal | Status | Flags |
---|---|---|---|---|---|---|
r-devel-linux-x86_64-debian-clang | 1.3 | 55.39 | 60.09 | 115.48 | OK | |
r-devel-linux-x86_64-debian-gcc | 1.3 | 41.24 | 45.06 | 86.30 | OK | |
r-devel-linux-x86_64-fedora-clang | 1.3 | 174.99 | NOTE | |||
r-devel-linux-x86_64-fedora-gcc | 1.3 | 154.06 | NOTE | |||
r-devel-windows-ix86+x86_64 | 1.3 | 129.00 | 109.00 | 238.00 | OK | |
r-patched-linux-x86_64 | 1.3 | 49.12 | 56.17 | 105.29 | OK | |
r-patched-solaris-x86 | 1.3 | 154.10 | OK | |||
r-release-linux-x86_64 | 1.3 | 50.91 | 56.94 | 107.85 | OK | |
r-release-macos-x86_64 | 1.3 | OK | ||||
r-release-windows-ix86+x86_64 | 1.3 | 100.00 | 145.00 | 245.00 | OK | |
r-oldrel-macos-x86_64 | 1.3 | OK | ||||
r-oldrel-windows-ix86+x86_64 | 1.3 | 114.00 | 97.00 | 211.00 | OK |
Version: 1.3
Check: compiled code
Result: NOTE
File ‘starma/libs/starma.so’:
Found no calls to: ‘R_registerRoutines’, ‘R_useDynamicSymbols’
It is good practice to register native routines and to disable symbol
search.
See ‘Writing portable packages’ in the ‘Writing R Extensions’ manual.
Flavors: r-devel-linux-x86_64-fedora-clang, r-devel-linux-x86_64-fedora-gcc