CRAN Package Check Results for Package statar

Last updated on 2020-10-11 01:47:34 CEST.

Flavor Version Tinstall Tcheck Ttotal Status Flags
r-devel-linux-x86_64-debian-clang 0.7.2 6.35 61.49 67.84 OK
r-devel-linux-x86_64-debian-gcc 0.7.2 5.04 46.18 51.22 OK
r-devel-linux-x86_64-fedora-clang 0.7.2 92.42 NOTE
r-devel-linux-x86_64-fedora-gcc 0.7.2 84.55 NOTE
r-devel-windows-ix86+x86_64 0.7.2 15.00 86.00 101.00 OK
r-patched-linux-x86_64 0.7.2 5.71 57.26 62.97 OK
r-patched-solaris-x86 0.7.2 118.90 NOTE
r-release-linux-x86_64 0.7.2 5.94 57.67 63.61 OK
r-release-macos-x86_64 0.7.2 NOTE
r-release-windows-ix86+x86_64 0.7.2 10.00 92.00 102.00 OK
r-oldrel-macos-x86_64 0.7.2 NOTE
r-oldrel-windows-ix86+x86_64 0.7.2 11.00 57.00 68.00 OK

Check Details

Version: 0.7.2
Check: dependencies in R code
Result: NOTE
    Namespace in Imports field not imported from: ‘tidyr’
     All declared Imports should be used.
Flavors: r-devel-linux-x86_64-fedora-clang, r-devel-linux-x86_64-fedora-gcc, r-patched-solaris-x86, r-release-macos-x86_64, r-oldrel-macos-x86_64