Last updated on 2020-10-11 01:47:34 CEST.
Flavor | Version | Tinstall | Tcheck | Ttotal | Status | Flags |
---|---|---|---|---|---|---|
r-devel-linux-x86_64-debian-clang | 1.0.5 | 112.77 | 221.35 | 334.12 | OK | |
r-devel-linux-x86_64-debian-gcc | 1.0.5 | 86.92 | 155.81 | 242.73 | OK | |
r-devel-linux-x86_64-fedora-clang | 1.0.5 | 430.66 | NOTE | |||
r-devel-linux-x86_64-fedora-gcc | 1.0.5 | 399.63 | OK | |||
r-devel-windows-ix86+x86_64 | 1.0.5 | 253.00 | 255.00 | 508.00 | NOTE | |
r-patched-linux-x86_64 | 1.0.5 | 104.86 | 193.43 | 298.29 | OK | |
r-patched-solaris-x86 | 1.0.5 | 407.50 | OK | |||
r-release-linux-x86_64 | 1.0.5 | 100.45 | 190.20 | 290.65 | OK | |
r-release-macos-x86_64 | 1.0.5 | NOTE | ||||
r-release-windows-ix86+x86_64 | 1.0.5 | 199.00 | 229.00 | 428.00 | NOTE | |
r-oldrel-macos-x86_64 | 1.0.5 | NOTE | ||||
r-oldrel-windows-ix86+x86_64 | 1.0.5 | 196.00 | 229.00 | 425.00 | NOTE |
Version: 1.0.5
Check: installed package size
Result: NOTE
installed size is 9.6Mb
sub-directories of 1Mb or more:
data 3.1Mb
libs 5.6Mb
Flavors: r-devel-linux-x86_64-fedora-clang, r-devel-windows-ix86+x86_64, r-release-macos-x86_64, r-release-windows-ix86+x86_64, r-oldrel-macos-x86_64, r-oldrel-windows-ix86+x86_64