CRAN Package Check Results for Package stpp

Last updated on 2020-10-11 01:47:34 CEST.

Flavor Version Tinstall Tcheck Ttotal Status Flags
r-devel-linux-x86_64-debian-clang 2.0-4 24.09 162.14 186.23 OK
r-devel-linux-x86_64-debian-gcc 2.0-4 19.45 125.72 145.17 OK
r-devel-linux-x86_64-fedora-clang 2.0-4 256.87 OK
r-devel-linux-x86_64-fedora-gcc 2.0-4 241.28 OK
r-devel-windows-ix86+x86_64 2.0-4 53.00 188.00 241.00 OK
r-patched-linux-x86_64 2.0-4 23.32 152.28 175.60 OK
r-patched-solaris-x86 2.0-4 358.40 OK
r-release-linux-x86_64 2.0-4 24.95 152.70 177.65 OK
r-release-macos-x86_64 2.0-4 ERROR
r-release-windows-ix86+x86_64 2.0-4 36.00 251.00 287.00 OK
r-oldrel-macos-x86_64 2.0-4 ERROR
r-oldrel-windows-ix86+x86_64 2.0-4 47.00 154.00 201.00 OK

Check Details

Version: 2.0-4
Check: package dependencies
Result: ERROR
    Package required but not available: ‘rpanel’
    
    See section ‘The DESCRIPTION file’ in the ‘Writing R Extensions’
    manual.
Flavors: r-release-macos-x86_64, r-oldrel-macos-x86_64