Last updated on 2020-10-11 01:47:34 CEST.
Flavor | Version | Tinstall | Tcheck | Ttotal | Status | Flags |
---|---|---|---|---|---|---|
r-devel-linux-x86_64-debian-clang | 1.4.0 | 2.98 | 34.37 | 37.35 | OK | |
r-devel-linux-x86_64-debian-gcc | 1.4.0 | 2.36 | 27.44 | 29.80 | OK | |
r-devel-linux-x86_64-fedora-clang | 1.4.0 | 60.56 | NOTE | |||
r-devel-linux-x86_64-fedora-gcc | 1.4.0 | 46.63 | NOTE | |||
r-devel-windows-ix86+x86_64 | 1.4.0 | 7.00 | 44.00 | 51.00 | OK | |
r-patched-linux-x86_64 | 1.4.0 | 3.11 | 33.49 | 36.60 | OK | |
r-patched-solaris-x86 | 1.4.0 | 67.80 | NOTE | |||
r-release-linux-x86_64 | 1.4.0 | 3.01 | 33.76 | 36.77 | OK | |
r-release-macos-x86_64 | 1.4.0 | NOTE | ||||
r-release-windows-ix86+x86_64 | 1.4.0 | 6.00 | 49.00 | 55.00 | OK | |
r-oldrel-macos-x86_64 | 1.4.0 | NOTE | ||||
r-oldrel-windows-ix86+x86_64 | 1.4.0 | 5.00 | 39.00 | 44.00 | OK |
Version: 1.4.0
Check: data for non-ASCII characters
Result: NOTE
Note: found 3 marked UTF-8 strings
Flavors: r-devel-linux-x86_64-fedora-clang, r-devel-linux-x86_64-fedora-gcc, r-patched-solaris-x86, r-release-macos-x86_64, r-oldrel-macos-x86_64