Last updated on 2020-10-11 01:47:34 CEST.
Flavor | Version | Tinstall | Tcheck | Ttotal | Status | Flags |
---|---|---|---|---|---|---|
r-devel-linux-x86_64-debian-clang | 1.1.0 | 11.68 | 74.90 | 86.58 | NOTE | |
r-devel-linux-x86_64-debian-gcc | 1.1.0 | 9.60 | 58.54 | 68.14 | NOTE | |
r-devel-linux-x86_64-fedora-clang | 1.1.0 | 119.15 | NOTE | |||
r-devel-linux-x86_64-fedora-gcc | 1.1.0 | 105.43 | NOTE | |||
r-devel-windows-ix86+x86_64 | 1.1.0 | 26.00 | 94.00 | 120.00 | OK | |
r-patched-linux-x86_64 | 1.1.0 | 13.73 | 70.41 | 84.14 | NOTE | |
r-patched-solaris-x86 | 1.1.0 | 149.20 | NOTE | |||
r-release-linux-x86_64 | 1.1.0 | 10.14 | 70.49 | 80.63 | NOTE | |
r-release-macos-x86_64 | 1.1.0 | OK | ||||
r-release-windows-ix86+x86_64 | 1.1.0 | 22.00 | 116.00 | 138.00 | OK | |
r-oldrel-macos-x86_64 | 1.1.0 | OK | ||||
r-oldrel-windows-ix86+x86_64 | 1.1.0 | 24.00 | 84.00 | 108.00 | OK |
Version: 1.1.0
Check: for non-standard things in the check directory
Result: NOTE
Found the following files/directories:
'CFH.scores.full.vcf'
Flavors: r-devel-linux-x86_64-debian-clang, r-devel-linux-x86_64-debian-gcc, r-devel-linux-x86_64-fedora-clang, r-devel-linux-x86_64-fedora-gcc, r-patched-linux-x86_64, r-patched-solaris-x86, r-release-linux-x86_64